{"id":9914,"date":"2025-07-08T15:02:59","date_gmt":"2025-07-08T21:02:59","guid":{"rendered":"https:\/\/qrosoft.mx\/tiendabosquedeniebla\/?post_type=product&#038;p=9914"},"modified":"2026-01-10T12:09:08","modified_gmt":"2026-01-10T18:09:08","slug":"guayaba-pera","status":"publish","type":"product","link":"https:\/\/qrosoft.mx\/tiendabosquedeniebla\/product\/guayaba-pera\/","title":{"rendered":"Guayaba pera"},"content":{"rendered":"<h4>Guayaba pera &#8211;\u00a0 <em>Psidium guajava<\/em><\/h4>\n<ul>\n<li><strong>Familia:<\/strong> Myrtaceae<\/li>\n<li><strong>Origen: <\/strong>Mesoam\u00e9rica<\/li>\n<li><strong>Descripci\u00f3n: <\/strong>\u00c1rbol de hasta 4m de alto, fruto amarillo grande, forma de pera, de delicioso sabor.<\/li>\n<li><strong>Usos:<\/strong> Frutos comestibles con sabor a guayaba de color amarillo.<\/li>\n<li><strong>Clima: <\/strong>Se desarrolla muy bien en nuestro clima de bosque mes\u00f3filo de monta\u00f1a, a plena exposici\u00f3n del sol<\/li>\n<li><strong>Zonas:<\/strong> 2, 3, 4 y 5<\/li>\n<li><strong>Siembra:<\/strong> Florece en los meses de julio y agosto.<\/li>\n<\/ul>\n","protected":false},"excerpt":{"rendered":"<p>\u00c1rbol de frutos comestibles y deliciosos<\/p>\n","protected":false},"featured_media":10201,"comment_status":"open","ping_status":"closed","template":"","meta":{"inline_featured_image":false,"_monsterinsights_skip_tracking":false,"_monsterinsights_sitenote_active":false,"_monsterinsights_sitenote_note":"","_monsterinsights_sitenote_category":0},"product_brand":[],"product_cat":[80],"product_tag":[],"class_list":{"0":"post-9914","1":"product","2":"type-product","3":"status-publish","4":"has-post-thumbnail","6":"product_cat-frutales","7":"product_shipping_class-fedex","9":"first","10":"instock","11":"shipping-taxable","12":"purchasable","13":"product-type-variable"},"_links":{"self":[{"href":"https:\/\/qrosoft.mx\/tiendabosquedeniebla\/wp-json\/wp\/v2\/product\/9914","targetHints":{"allow":["GET"]}}],"collection":[{"href":"https:\/\/qrosoft.mx\/tiendabosquedeniebla\/wp-json\/wp\/v2\/product"}],"about":[{"href":"https:\/\/qrosoft.mx\/tiendabosquedeniebla\/wp-json\/wp\/v2\/types\/product"}],"replies":[{"embeddable":true,"href":"https:\/\/qrosoft.mx\/tiendabosquedeniebla\/wp-json\/wp\/v2\/comments?post=9914"}],"wp:featuredmedia":[{"embeddable":true,"href":"https:\/\/qrosoft.mx\/tiendabosquedeniebla\/wp-json\/wp\/v2\/media\/10201"}],"wp:attachment":[{"href":"https:\/\/qrosoft.mx\/tiendabosquedeniebla\/wp-json\/wp\/v2\/media?parent=9914"}],"wp:term":[{"taxonomy":"product_brand","embeddable":true,"href":"https:\/\/qrosoft.mx\/tiendabosquedeniebla\/wp-json\/wp\/v2\/product_brand?post=9914"},{"taxonomy":"product_cat","embeddable":true,"href":"https:\/\/qrosoft.mx\/tiendabosquedeniebla\/wp-json\/wp\/v2\/product_cat?post=9914"},{"taxonomy":"product_tag","embeddable":true,"href":"https:\/\/qrosoft.mx\/tiendabosquedeniebla\/wp-json\/wp\/v2\/product_tag?post=9914"}],"curies":[{"name":"wp","href":"https:\/\/api.w.org\/{rel}","templated":true}]}}