{"id":8354,"date":"2024-08-21T02:31:45","date_gmt":"2024-08-21T08:31:45","guid":{"rendered":"https:\/\/qrosoft.mx\/tiendabosquedeniebla\/product\/guamuchil-o-chucum\/"},"modified":"2025-12-15T09:15:55","modified_gmt":"2025-12-15T15:15:55","slug":"guamuchil-o-chucum","status":"publish","type":"product","link":"https:\/\/qrosoft.mx\/tiendabosquedeniebla\/product\/guamuchil-o-chucum\/","title":{"rendered":"Guam\u00fachil o chucum"},"content":{"rendered":"<h4><strong>Guam\u00fachil o chucum &#8211; <em>Pithecellobium\u00a0dulce<\/em><\/strong><\/h4>\n<ul>\n<li><span style=\"color: #000000;\"><strong>Familia:<\/strong> Proteaceae<\/span><\/li>\n<li><span style=\"color: #000000;\"><strong>Or\u00edgen:<\/strong> Australia<\/span><\/li>\n<li><span style=\"color: #000000;\"><strong>Descripci\u00f3n:<\/strong> \u00c1rbol perennifolio de hasta de 20m de alto, tronco recto, copa densa y amplia. Florece de noviembre a mayo y fructifica entre marzo y agosto.<\/span><\/li>\n<li><span style=\"color: #000000;\"><strong>Usos:<\/strong> Fijador de nitr\u00f3geno, sombra para potrero, cerco vivo, extracci\u00f3n de aceites arom\u00e1ticos, para le\u00f1a y es muy preciado como madera. La pulpa que rodea a sus semillas se ocupa para hacer bebidas. Sus flores son excelentes mel\u00edferas y atrayentes de polinizadores.<\/span><\/li>\n<li><span style=\"color: #000000;\"><strong>Clima:<\/strong> C\u00e1lido. Se adapta a zonas de bosques tropicales, matorral xer\u00f3filo y vegetaci\u00f3n costera, en suelos pedregosos y pobres. Distribuci\u00f3n desde los 0 hasta los 1,000 m.s.n.m.<\/span><\/li>\n<li><span style=\"color: #000000;\"><strong>Siembra:<\/strong> En lluvias a 10m entre \u00e1rboles.<\/span><\/li>\n<\/ul>\n","protected":false},"excerpt":{"rendered":"<p>\u00c1rbol tropical de hasta 20 m de alto, fijador de nitr\u00f3geno, maderable, cerco vivo, medicinal, entre otras.<\/p>\n","protected":false},"featured_media":8682,"comment_status":"open","ping_status":"closed","template":"","meta":{"inline_featured_image":false,"_monsterinsights_skip_tracking":false,"_monsterinsights_sitenote_active":false,"_monsterinsights_sitenote_note":"","_monsterinsights_sitenote_category":0},"product_brand":[],"product_cat":[81,84],"product_tag":[],"class_list":{"0":"post-8354","1":"product","2":"type-product","3":"status-publish","4":"has-post-thumbnail","6":"product_cat-arboles-y-arbustos","7":"product_cat-fijadoras-de-nitrogeno","9":"first","10":"instock","11":"shipping-taxable","12":"purchasable","13":"product-type-variable","14":"has-default-attributes"},"_links":{"self":[{"href":"https:\/\/qrosoft.mx\/tiendabosquedeniebla\/wp-json\/wp\/v2\/product\/8354","targetHints":{"allow":["GET"]}}],"collection":[{"href":"https:\/\/qrosoft.mx\/tiendabosquedeniebla\/wp-json\/wp\/v2\/product"}],"about":[{"href":"https:\/\/qrosoft.mx\/tiendabosquedeniebla\/wp-json\/wp\/v2\/types\/product"}],"replies":[{"embeddable":true,"href":"https:\/\/qrosoft.mx\/tiendabosquedeniebla\/wp-json\/wp\/v2\/comments?post=8354"}],"wp:featuredmedia":[{"embeddable":true,"href":"https:\/\/qrosoft.mx\/tiendabosquedeniebla\/wp-json\/wp\/v2\/media\/8682"}],"wp:attachment":[{"href":"https:\/\/qrosoft.mx\/tiendabosquedeniebla\/wp-json\/wp\/v2\/media?parent=8354"}],"wp:term":[{"taxonomy":"product_brand","embeddable":true,"href":"https:\/\/qrosoft.mx\/tiendabosquedeniebla\/wp-json\/wp\/v2\/product_brand?post=8354"},{"taxonomy":"product_cat","embeddable":true,"href":"https:\/\/qrosoft.mx\/tiendabosquedeniebla\/wp-json\/wp\/v2\/product_cat?post=8354"},{"taxonomy":"product_tag","embeddable":true,"href":"https:\/\/qrosoft.mx\/tiendabosquedeniebla\/wp-json\/wp\/v2\/product_tag?post=8354"}],"curies":[{"name":"wp","href":"https:\/\/api.w.org\/{rel}","templated":true}]}}