{"id":8061,"date":"2024-07-17T21:02:18","date_gmt":"2024-07-18T03:02:18","guid":{"rendered":"https:\/\/qrosoft.mx\/tiendabosquedeniebla\/product\/cardo\/"},"modified":"2025-12-10T13:04:54","modified_gmt":"2025-12-10T19:04:54","slug":"cardo","status":"publish","type":"product","link":"https:\/\/qrosoft.mx\/tiendabosquedeniebla\/product\/cardo\/","title":{"rendered":"Cardo"},"content":{"rendered":"<h4><strong>Cardo &#8211; <em>Cynara cardunculus<\/em><\/strong><\/h4>\n<ul>\n<li><strong>Familia:<\/strong> Asteraceae<\/li>\n<li><strong>Or\u00edgen:<\/strong> \u00c1frica y Europa<\/li>\n<li><strong>Descripci\u00f3n:<\/strong> Arbusto anual de porte ancho y bajo. Hojas espinosas de hasta 85cm de largo, flores moradas cubiertas por espinas.<\/li>\n<li><strong>Area potencial de siembra por 0.5 g:<\/strong> 5m\u00b2<\/li>\n<li><strong>Semillas por 0.5 g:<\/strong> 30 aprox.<\/li>\n<li><strong>Usos:<\/strong> En lugares muy \u00e1ridos se cultiva como biomasa para el ganado (hojas basales comestibles), las semillas son alimento para aves de corral. Las flores y ra\u00edces se usan en cocci\u00f3n por su efecto diur\u00e9tico y para el mantenimiento saludable de sistema renal.<\/li>\n<li><strong>Clima:<\/strong> C\u00e1lido, ambientes preferentemente secos, suelos perturbados y agrestes.<\/li>\n<li><strong>Zonas:<\/strong> 2, 3, 4<\/li>\n<li><strong>Siembra:<\/strong> Sembrar en alm\u00e1cigo a inicios de primavera y trasplantar a 1.5m.<\/li>\n<li><strong>Nota:<\/strong> Es invasora en zonas \u00e1ridas, evitar el esparcimiento de sus semillas. Espinas muy duras, manejar con cuidado.<\/li>\n<\/ul>\n","protected":false},"excerpt":{"rendered":"<p>Planta herb\u00e1cea anual o bianual de hasta 2m de alto, con propeidades medicinales<\/p>\n","protected":false},"featured_media":8242,"comment_status":"open","ping_status":"closed","template":"","meta":{"inline_featured_image":false,"_monsterinsights_skip_tracking":false,"_monsterinsights_sitenote_active":false,"_monsterinsights_sitenote_note":"","_monsterinsights_sitenote_category":0},"product_brand":[],"product_cat":[803],"product_tag":[],"class_list":{"0":"post-8061","1":"product","2":"type-product","3":"status-publish","4":"has-post-thumbnail","6":"product_cat-hortalizas-varias","8":"first","9":"instock","10":"shipping-taxable","11":"purchasable","12":"product-type-variable","13":"has-default-attributes"},"_links":{"self":[{"href":"https:\/\/qrosoft.mx\/tiendabosquedeniebla\/wp-json\/wp\/v2\/product\/8061","targetHints":{"allow":["GET"]}}],"collection":[{"href":"https:\/\/qrosoft.mx\/tiendabosquedeniebla\/wp-json\/wp\/v2\/product"}],"about":[{"href":"https:\/\/qrosoft.mx\/tiendabosquedeniebla\/wp-json\/wp\/v2\/types\/product"}],"replies":[{"embeddable":true,"href":"https:\/\/qrosoft.mx\/tiendabosquedeniebla\/wp-json\/wp\/v2\/comments?post=8061"}],"wp:featuredmedia":[{"embeddable":true,"href":"https:\/\/qrosoft.mx\/tiendabosquedeniebla\/wp-json\/wp\/v2\/media\/8242"}],"wp:attachment":[{"href":"https:\/\/qrosoft.mx\/tiendabosquedeniebla\/wp-json\/wp\/v2\/media?parent=8061"}],"wp:term":[{"taxonomy":"product_brand","embeddable":true,"href":"https:\/\/qrosoft.mx\/tiendabosquedeniebla\/wp-json\/wp\/v2\/product_brand?post=8061"},{"taxonomy":"product_cat","embeddable":true,"href":"https:\/\/qrosoft.mx\/tiendabosquedeniebla\/wp-json\/wp\/v2\/product_cat?post=8061"},{"taxonomy":"product_tag","embeddable":true,"href":"https:\/\/qrosoft.mx\/tiendabosquedeniebla\/wp-json\/wp\/v2\/product_tag?post=8061"}],"curies":[{"name":"wp","href":"https:\/\/api.w.org\/{rel}","templated":true}]}}