{"id":8004,"date":"2024-07-17T20:55:06","date_gmt":"2024-07-18T02:55:06","guid":{"rendered":"https:\/\/qrosoft.mx\/tiendabosquedeniebla\/product\/esparrago-mary-washington\/"},"modified":"2025-12-15T09:16:28","modified_gmt":"2025-12-15T15:16:28","slug":"esparrago-mary-washington","status":"publish","type":"product","link":"https:\/\/qrosoft.mx\/tiendabosquedeniebla\/product\/esparrago-mary-washington\/","title":{"rendered":"Esp\u00e1rrago Mary Washington"},"content":{"rendered":"<h4><strong>Esp\u00e1rrago Mary Washington &#8211; <em>Asparagus officinalis<\/em><\/strong><\/h4>\n<ul>\n<li><strong>Descripci\u00f3n:<\/strong> Cultivo perenne por hasta m\u00e1s de 15 a\u00f1os. Los tallos alargados engrosan cada a\u00f1o al emerger del suelo, generan semilla y se marchitan.<\/li>\n<li><strong>Area potencial de siembra por 0.2 g:<\/strong> 1m\u00b2<\/li>\n<li><strong>Semillas por 0.2 g:<\/strong> 22 aprox.<\/li>\n<li><strong>Clima:<\/strong> Templado. Presenta dormancia en invierno. Seleccionada desde 1900 por su resistencia a heladas, sequ\u00eda, calor y al hongo Puccinia asparagi que afecta al cultivo.<\/li>\n<li><strong>Zonas:<\/strong> 2, 3, 4, 5<\/li>\n<li><strong>Siembra:<\/strong> Sembrar a finales de invierno en alm\u00e1cigo y trasplantar a 40cm en suelo bien drenado y abonado. Propagaci\u00f3n por rizoma: se podan los tallos en dormancia secos, se sacan las \u201ccoronas\u201d y se separan con sus ra\u00edces y brotes. Se siembra cada corona procurando que apenas se asomen los brotes. En semilla tarda en germinar de 2 a 3 semanas.<\/li>\n<li><strong>Cosecha:<\/strong> Se cosechan los brotes cuando miden de 15 a 30cm de alto, y de al menos el grosor de un l\u00e1piz. Cosecha anual que se alarga: el primer a\u00f1o 10 d\u00edas, el 2do hasta 20 d\u00edas, el 3er hasta 2 meses.<\/li>\n<\/ul>\n","protected":false},"excerpt":{"rendered":"<p>Hortaliza perenne de brotes comestibles<\/p>\n","protected":false},"featured_media":0,"comment_status":"open","ping_status":"closed","template":"","meta":{"inline_featured_image":false,"_monsterinsights_skip_tracking":false,"_monsterinsights_sitenote_active":false,"_monsterinsights_sitenote_note":"","_monsterinsights_sitenote_category":0},"product_brand":[],"product_cat":[803],"product_tag":[],"class_list":{"0":"post-8004","1":"product","2":"type-product","3":"status-publish","5":"product_cat-hortalizas-varias","7":"first","8":"instock","9":"shipping-taxable","10":"purchasable","11":"product-type-variable","12":"has-default-attributes"},"_links":{"self":[{"href":"https:\/\/qrosoft.mx\/tiendabosquedeniebla\/wp-json\/wp\/v2\/product\/8004","targetHints":{"allow":["GET"]}}],"collection":[{"href":"https:\/\/qrosoft.mx\/tiendabosquedeniebla\/wp-json\/wp\/v2\/product"}],"about":[{"href":"https:\/\/qrosoft.mx\/tiendabosquedeniebla\/wp-json\/wp\/v2\/types\/product"}],"replies":[{"embeddable":true,"href":"https:\/\/qrosoft.mx\/tiendabosquedeniebla\/wp-json\/wp\/v2\/comments?post=8004"}],"wp:attachment":[{"href":"https:\/\/qrosoft.mx\/tiendabosquedeniebla\/wp-json\/wp\/v2\/media?parent=8004"}],"wp:term":[{"taxonomy":"product_brand","embeddable":true,"href":"https:\/\/qrosoft.mx\/tiendabosquedeniebla\/wp-json\/wp\/v2\/product_brand?post=8004"},{"taxonomy":"product_cat","embeddable":true,"href":"https:\/\/qrosoft.mx\/tiendabosquedeniebla\/wp-json\/wp\/v2\/product_cat?post=8004"},{"taxonomy":"product_tag","embeddable":true,"href":"https:\/\/qrosoft.mx\/tiendabosquedeniebla\/wp-json\/wp\/v2\/product_tag?post=8004"}],"curies":[{"name":"wp","href":"https:\/\/api.w.org\/{rel}","templated":true}]}}