{"id":6379,"date":"2022-06-10T11:46:46","date_gmt":"2022-06-10T16:46:46","guid":{"rendered":"https:\/\/qrosoft.mx\/tiendabosquedeniebla\/?post_type=product&#038;p=6379"},"modified":"2025-12-29T22:03:27","modified_gmt":"2025-12-30T04:03:27","slug":"frijol-gandul-lava","status":"publish","type":"product","link":"https:\/\/qrosoft.mx\/tiendabosquedeniebla\/product\/frijol-gandul-lava\/","title":{"rendered":"Frijol de arbusto gandul lava"},"content":{"rendered":"<h4><strong>Frijol de arbusto gandul lava &#8211; <em>Cajanus cajan<\/em><\/strong><\/h4>\n<ul>\n<li><strong>Familia:<\/strong> Fabaceae<\/li>\n<li><strong>Origen:<\/strong> \u00c1frica<\/li>\n<li><strong>Area potencial de siembra por 40 g:<\/strong> 500m\u00b2<\/li>\n<li><strong>Semillas por 40 g:<\/strong> 250 aprox.<\/li>\n<li><strong>Descripci\u00f3n:<\/strong> Arbusto perenne de 1 a 2m de alto por 2m de ancho, semillas esf\u00e9ricas de atractivo color rojizo y naranja.<\/li>\n<li><strong>Usos:<\/strong> Semillas comestibles tiernas o maduras y secas. Alto valor nutritivo. Fijadora de nitr\u00f3geno. Utilizado como abono verde y cultivo de cobertura.<\/li>\n<li><strong>Clima:<\/strong> Tropical, subtropical. De 0 a 1,100 msnm, con lluvias de 500 a 1,500 mm anuales. Resistente a la sequ\u00eda. No tolera heladas.<\/li>\n<li><strong>Zonas:<\/strong> 1, 2, 3<\/li>\n<li><strong>Contenido:<\/strong> 8g<\/li>\n<li><strong>Siembra:<\/strong> En alm\u00e1cigo y trasplantar a 2m de distancia en un lugar soleado. Se adapta a cualquier tipo de suelo.<\/li>\n<li><strong>Cosecha:<\/strong> Continua o escalonada.<\/li>\n<li><strong>Nota:<\/strong> Su mayor producci\u00f3n es en el primer a\u00f1o, por lo que es mejor resembrarlo cada dos a\u00f1os.<\/li>\n<\/ul>\n","protected":false},"excerpt":{"rendered":"<p>Arbusto leguminoso perenne forrajero de hasta 2.5m, fijador de nitr\u00f3geno y de semillas comestibles<\/p>\n","protected":false},"featured_media":0,"comment_status":"open","ping_status":"closed","template":"","meta":{"inline_featured_image":false,"_monsterinsights_skip_tracking":false,"_monsterinsights_sitenote_active":false,"_monsterinsights_sitenote_note":"","_monsterinsights_sitenote_category":0},"product_brand":[],"product_cat":[187],"product_tag":[640,617,615,616,586,609],"class_list":{"0":"post-6379","1":"product","2":"type-product","3":"status-publish","5":"product_cat-frijoles-de-arbusto","6":"product_tag-arbusto","7":"product_tag-fabaceae","8":"product_tag-frijol","9":"product_tag-gandul","10":"product_tag-hortaliza","11":"product_tag-semilla","13":"first","14":"instock","15":"shipping-taxable","16":"purchasable","17":"product-type-variable","18":"has-default-attributes"},"_links":{"self":[{"href":"https:\/\/qrosoft.mx\/tiendabosquedeniebla\/wp-json\/wp\/v2\/product\/6379","targetHints":{"allow":["GET"]}}],"collection":[{"href":"https:\/\/qrosoft.mx\/tiendabosquedeniebla\/wp-json\/wp\/v2\/product"}],"about":[{"href":"https:\/\/qrosoft.mx\/tiendabosquedeniebla\/wp-json\/wp\/v2\/types\/product"}],"replies":[{"embeddable":true,"href":"https:\/\/qrosoft.mx\/tiendabosquedeniebla\/wp-json\/wp\/v2\/comments?post=6379"}],"wp:attachment":[{"href":"https:\/\/qrosoft.mx\/tiendabosquedeniebla\/wp-json\/wp\/v2\/media?parent=6379"}],"wp:term":[{"taxonomy":"product_brand","embeddable":true,"href":"https:\/\/qrosoft.mx\/tiendabosquedeniebla\/wp-json\/wp\/v2\/product_brand?post=6379"},{"taxonomy":"product_cat","embeddable":true,"href":"https:\/\/qrosoft.mx\/tiendabosquedeniebla\/wp-json\/wp\/v2\/product_cat?post=6379"},{"taxonomy":"product_tag","embeddable":true,"href":"https:\/\/qrosoft.mx\/tiendabosquedeniebla\/wp-json\/wp\/v2\/product_tag?post=6379"}],"curies":[{"name":"wp","href":"https:\/\/api.w.org\/{rel}","templated":true}]}}