{"id":5815,"date":"2022-05-04T13:42:09","date_gmt":"2022-05-04T18:42:09","guid":{"rendered":"https:\/\/qrosoft.mx\/tiendabosquedeniebla\/?post_type=product&#038;p=5815"},"modified":"2026-01-07T20:57:07","modified_gmt":"2026-01-08T02:57:07","slug":"doble-extracto-de-hongo-shiitake","status":"publish","type":"product","link":"https:\/\/qrosoft.mx\/tiendabosquedeniebla\/product\/doble-extracto-de-hongo-shiitake\/","title":{"rendered":"Doble extracto de hongo shiitake"},"content":{"rendered":"<h4>Propiedades medicinales del hongo Shiitake (Lentinula edodes)<\/h4>\n<p>El hongo shiitake contiene lentinan, un polisac\u00e1rido con cualidades antitumorales que revierte el crecimiento de c\u00e9lulas cancer\u00edgenas y reduce los niveles de colesterol y az\u00facar en sangre.<\/p>\n<p>Es un gran potenciador del sistema inmune, ya que como muchos otros hongos, contiene beta-glucanos, moduladores del sistema inmune que estimulan la actividad fagoc\u00edtica y antimicrobiana de nuestras c\u00e9lulas.<\/p>\n<p>Otras cualidades: antic\u00e1ndida, anti streptococos, regulador de presi\u00f3n sangu\u00ednea, moderador de az\u00facar en sangre, t\u00f3nico de ri\u00f1\u00f3n e h\u00edgado y reductor de estr\u00e9s. Tambi\u00e9n, contiene eritadenina, un importante precursor de la vitamina D, que permite el metabolismo del calcio (esta cualidad se intensifica cuando los hongos son expuestos al sol antes de consumirse). Espec\u00edficamente para el caso del Shiitake, su actividad antitumoral ha sido demostrada a trav\u00e9s de estudios realizados desde hace d\u00e9cadas, demostrando resultados positivos sobre los siguientes tipos de c\u00e1ncer:<\/p>\n<ul>\n<li>C\u00e1ncer de seno<\/li>\n<li>C\u00e1ncer de h\u00edgado<\/li>\n<li>Melanoma<\/li>\n<li>C\u00e1ncer de pr\u00f3stata<\/li>\n<\/ul>\n<p>Todo el poder medicinal del shiitake cultivado agroecol\u00f3gicamente dentro de nuestro sistema de aprovechamiento forestal sustentable, secado al sol y cuidadosamente preparado, lo concentramos en nuestro doble extracto medicinal.<\/p>\n<h4>\u00bfQu\u00e9 es el extracto hidro-alcoh\u00f3lico de shiitake (o doble extracto) y c\u00f3mo se prepara?<\/h4>\n<p>Es un m\u00e9todo para la extracci\u00f3n de los principios activos de plantas y hongos medicinales. Se le llama \u201cdoble\u201d debido a las dos fases en que se realiza. Una vez secos los hongos, \u00e9stos se colocan en alcohol durante varias semanas para lograr la extracci\u00f3n de compuestos no hidrosolubles. Despu\u00e9s, se realiza la decocci\u00f3n de los mismos, para lograr la extracci\u00f3n de compuestos hidrosolubles que no reaccionan al alcohol. Ambas extracciones, tanto la alcoh\u00f3lica como la acuosa, se fusionan para lograr la \u201cdoble extracci\u00f3n\u201d.<\/p>\n","protected":false},"excerpt":{"rendered":"<p><span style=\"color: #000000;\">gotero de 30 ml<\/span><\/p>\n<p>&nbsp;<\/p>\n","protected":false},"featured_media":10056,"comment_status":"closed","ping_status":"closed","template":"","meta":{"inline_featured_image":false,"_monsterinsights_skip_tracking":false,"_monsterinsights_sitenote_active":false,"_monsterinsights_sitenote_note":"","_monsterinsights_sitenote_category":0},"product_brand":[],"product_cat":[980],"product_tag":[],"class_list":{"0":"post-5815","1":"product","2":"type-product","3":"status-publish","4":"has-post-thumbnail","6":"product_cat-salud-natural","7":"product_shipping_class-fedex-y-correos","9":"first","10":"instock","11":"taxable","12":"shipping-taxable","13":"purchasable","14":"product-type-simple"},"_links":{"self":[{"href":"https:\/\/qrosoft.mx\/tiendabosquedeniebla\/wp-json\/wp\/v2\/product\/5815","targetHints":{"allow":["GET"]}}],"collection":[{"href":"https:\/\/qrosoft.mx\/tiendabosquedeniebla\/wp-json\/wp\/v2\/product"}],"about":[{"href":"https:\/\/qrosoft.mx\/tiendabosquedeniebla\/wp-json\/wp\/v2\/types\/product"}],"replies":[{"embeddable":true,"href":"https:\/\/qrosoft.mx\/tiendabosquedeniebla\/wp-json\/wp\/v2\/comments?post=5815"}],"wp:featuredmedia":[{"embeddable":true,"href":"https:\/\/qrosoft.mx\/tiendabosquedeniebla\/wp-json\/wp\/v2\/media\/10056"}],"wp:attachment":[{"href":"https:\/\/qrosoft.mx\/tiendabosquedeniebla\/wp-json\/wp\/v2\/media?parent=5815"}],"wp:term":[{"taxonomy":"product_brand","embeddable":true,"href":"https:\/\/qrosoft.mx\/tiendabosquedeniebla\/wp-json\/wp\/v2\/product_brand?post=5815"},{"taxonomy":"product_cat","embeddable":true,"href":"https:\/\/qrosoft.mx\/tiendabosquedeniebla\/wp-json\/wp\/v2\/product_cat?post=5815"},{"taxonomy":"product_tag","embeddable":true,"href":"https:\/\/qrosoft.mx\/tiendabosquedeniebla\/wp-json\/wp\/v2\/product_tag?post=5815"}],"curies":[{"name":"wp","href":"https:\/\/api.w.org\/{rel}","templated":true}]}}