{"id":3510,"date":"2021-05-18T18:29:37","date_gmt":"2021-05-18T23:29:37","guid":{"rendered":"https:\/\/qrosoft.mx\/tiendabosquedeniebla\/product\/quelite-alvaro-obregon-3\/"},"modified":"2026-01-05T18:25:16","modified_gmt":"2026-01-06T00:25:16","slug":"quelite-alvaro-obregon","status":"publish","type":"product","link":"https:\/\/qrosoft.mx\/tiendabosquedeniebla\/product\/quelite-alvaro-obregon\/","title":{"rendered":"Quelite \u00e1lvaro obreg\u00f3n"},"content":{"rendered":"<h4><strong>Quelite \u00e1lvaro obreg\u00f3n &#8211; <em>Amaranthus hybridus<\/em><\/strong><\/h4>\n<ul>\n<li><strong>Familia:<\/strong> Amaranthaceae<\/li>\n<li><strong>Origen:<\/strong> M\u00e9xico<\/li>\n<li><strong>Area potencial de siembra por 0.4 g :<\/strong> 10m\u00b2<\/li>\n<li><strong>Semillas por 0.4 g :<\/strong> 1150 aprox.<\/li>\n<li><strong>Descripci\u00f3n:<\/strong> Nativa de la Sierra de Veracruz. Puede crecer hasta 2m de altura. Planta vigorosa, resistente y muy productiva. Hojas de color verde con manchas rojo oscuro en el centro.<\/li>\n<li><strong>Usos:<\/strong> Sus hojas con un alto contenido de hierro, tienen propiedades desinflamatorias, antimicrobiales y anticancer\u00edgenas.<\/li>\n<li><strong>Clima:<\/strong> Templado y c\u00e1lido, no resiste heladas.<\/li>\n<li><strong>Zonas:<\/strong> 2, 3, 4<\/li>\n<li><strong>Siembra:<\/strong> Sembrar directo en el suelo al voleo.<\/li>\n<li><strong>Cosecha:<\/strong> Se cosechan las hojas tiernas escalonadamente.<\/li>\n<\/ul>\n","protected":false},"excerpt":{"rendered":"<p>Planta anual de hasta 2.5m, hojas comestibles<\/p>\n","protected":false},"featured_media":2333,"comment_status":"open","ping_status":"closed","template":"","meta":{"inline_featured_image":false,"_monsterinsights_skip_tracking":false,"_monsterinsights_sitenote_active":false,"_monsterinsights_sitenote_note":"","_monsterinsights_sitenote_category":0},"product_brand":[],"product_cat":[181],"product_tag":[],"class_list":{"0":"post-3510","1":"product","2":"type-product","3":"status-publish","4":"has-post-thumbnail","6":"product_cat-hojas-comestibles","8":"first","9":"instock","10":"shipping-taxable","11":"purchasable","12":"product-type-variable","13":"has-default-attributes"},"_links":{"self":[{"href":"https:\/\/qrosoft.mx\/tiendabosquedeniebla\/wp-json\/wp\/v2\/product\/3510","targetHints":{"allow":["GET"]}}],"collection":[{"href":"https:\/\/qrosoft.mx\/tiendabosquedeniebla\/wp-json\/wp\/v2\/product"}],"about":[{"href":"https:\/\/qrosoft.mx\/tiendabosquedeniebla\/wp-json\/wp\/v2\/types\/product"}],"replies":[{"embeddable":true,"href":"https:\/\/qrosoft.mx\/tiendabosquedeniebla\/wp-json\/wp\/v2\/comments?post=3510"}],"wp:featuredmedia":[{"embeddable":true,"href":"https:\/\/qrosoft.mx\/tiendabosquedeniebla\/wp-json\/wp\/v2\/media\/2333"}],"wp:attachment":[{"href":"https:\/\/qrosoft.mx\/tiendabosquedeniebla\/wp-json\/wp\/v2\/media?parent=3510"}],"wp:term":[{"taxonomy":"product_brand","embeddable":true,"href":"https:\/\/qrosoft.mx\/tiendabosquedeniebla\/wp-json\/wp\/v2\/product_brand?post=3510"},{"taxonomy":"product_cat","embeddable":true,"href":"https:\/\/qrosoft.mx\/tiendabosquedeniebla\/wp-json\/wp\/v2\/product_cat?post=3510"},{"taxonomy":"product_tag","embeddable":true,"href":"https:\/\/qrosoft.mx\/tiendabosquedeniebla\/wp-json\/wp\/v2\/product_tag?post=3510"}],"curies":[{"name":"wp","href":"https:\/\/api.w.org\/{rel}","templated":true}]}}