{"id":3343,"date":"2021-05-18T18:28:35","date_gmt":"2021-05-18T23:28:35","guid":{"rendered":"https:\/\/qrosoft.mx\/tiendabosquedeniebla\/product\/maiz-palomero-amarillo\/"},"modified":"2025-10-20T15:26:33","modified_gmt":"2025-10-20T21:26:33","slug":"maiz-palomero-amarillo","status":"publish","type":"product","link":"https:\/\/qrosoft.mx\/tiendabosquedeniebla\/product\/maiz-palomero-amarillo\/","title":{"rendered":"Ma\u00edz palomero amarillo grano chico"},"content":{"rendered":"<h4><strong>Ma\u00edz palomero amarillo grano chico &#8211; <em>Zea mays<\/em><\/strong><\/h4>\n<ul>\n<li><strong>Familia:<\/strong> Poaceae<\/li>\n<li><strong>Origen:<\/strong> M\u00e9xico<\/li>\n<li><strong>Area potencial de siembra por 5.5 g:<\/strong> 1.5m\u00b2<\/li>\n<li><strong>Semillas por 5.5 g:<\/strong> 45 aprox.<\/li>\n<li><strong>Descripci\u00f3n:<\/strong> Planta anual de hasta 1.6m de alto, de mazorcas peque\u00f1as con numerosas hileras de granos puntiagudos que revienta en palomitas. Es de las razas de ma\u00edz m\u00e1s antiguas de M\u00e9xico.<\/li>\n<li><strong>Usos:<\/strong> El ma\u00edz revienta y se consume como palomitas. Es excelente para preparar tortillas, tamales y atoles.<\/li>\n<li><strong>Clima:<\/strong> Adaptado en M\u00e9xico a altitudes entre 2200 a 2800m s. n. m. Distribuido naturalmente en Toluca y zonas aleda\u00f1as.<\/li>\n<li><strong>Zonas:<\/strong> 4<\/li>\n<li><strong>Siembra:<\/strong> Directo en el suelo cada 30cm entre, sembrar en marzo o abril.<\/li>\n<li><strong>Cosecha:<\/strong> En noviembre, a los 8 meses despu\u00e9s de la siembra.<\/li>\n<\/ul>\n","protected":false},"excerpt":{"rendered":"<p>Cereal anual palomero de semillas amarillas<\/p>\n","protected":false},"featured_media":3822,"comment_status":"open","ping_status":"closed","template":"","meta":{"inline_featured_image":false,"_monsterinsights_skip_tracking":false,"_monsterinsights_sitenote_active":false,"_monsterinsights_sitenote_note":"","_monsterinsights_sitenote_category":0},"product_brand":[],"product_cat":[105],"product_tag":[],"class_list":{"0":"post-3343","1":"product","2":"type-product","3":"status-publish","4":"has-post-thumbnail","6":"product_cat-maices","8":"first","9":"instock","10":"shipping-taxable","11":"purchasable","12":"product-type-variable","13":"has-default-attributes"},"_links":{"self":[{"href":"https:\/\/qrosoft.mx\/tiendabosquedeniebla\/wp-json\/wp\/v2\/product\/3343","targetHints":{"allow":["GET"]}}],"collection":[{"href":"https:\/\/qrosoft.mx\/tiendabosquedeniebla\/wp-json\/wp\/v2\/product"}],"about":[{"href":"https:\/\/qrosoft.mx\/tiendabosquedeniebla\/wp-json\/wp\/v2\/types\/product"}],"replies":[{"embeddable":true,"href":"https:\/\/qrosoft.mx\/tiendabosquedeniebla\/wp-json\/wp\/v2\/comments?post=3343"}],"wp:featuredmedia":[{"embeddable":true,"href":"https:\/\/qrosoft.mx\/tiendabosquedeniebla\/wp-json\/wp\/v2\/media\/3822"}],"wp:attachment":[{"href":"https:\/\/qrosoft.mx\/tiendabosquedeniebla\/wp-json\/wp\/v2\/media?parent=3343"}],"wp:term":[{"taxonomy":"product_brand","embeddable":true,"href":"https:\/\/qrosoft.mx\/tiendabosquedeniebla\/wp-json\/wp\/v2\/product_brand?post=3343"},{"taxonomy":"product_cat","embeddable":true,"href":"https:\/\/qrosoft.mx\/tiendabosquedeniebla\/wp-json\/wp\/v2\/product_cat?post=3343"},{"taxonomy":"product_tag","embeddable":true,"href":"https:\/\/qrosoft.mx\/tiendabosquedeniebla\/wp-json\/wp\/v2\/product_tag?post=3343"}],"curies":[{"name":"wp","href":"https:\/\/api.w.org\/{rel}","templated":true}]}}