{"id":3071,"date":"2021-05-18T18:27:08","date_gmt":"2021-05-18T23:27:08","guid":{"rendered":"https:\/\/qrosoft.mx\/tiendabosquedeniebla\/product\/consuelda-menor\/"},"modified":"2025-12-15T09:11:21","modified_gmt":"2025-12-15T15:11:21","slug":"consuelda-menor","status":"publish","type":"product","link":"https:\/\/qrosoft.mx\/tiendabosquedeniebla\/product\/consuelda-menor\/","title":{"rendered":"Consuelda Menor"},"content":{"rendered":"<h4><strong>Consuelda Menor &#8211;\u00a0<em>Symphytum officinale<\/em><\/strong><\/h4>\n<ul>\n<li><strong>Familia:<\/strong> Boraginaceae<\/li>\n<li><strong>Origen:<\/strong> Europa y Asia<\/li>\n<li><strong>Descripci\u00f3n:<\/strong> Es una planta perenne de hasta 60cm de altura, m\u00e1s o menos pubescente. Tallo cuadrado de color viol\u00e1ceo. Hojas algo dentadas y flores color azul violeta.<\/li>\n<li><strong>Usos:<\/strong> Propiedades astringentes, cicatrizantes y t\u00f3nicas. \u00datil en tratamiento de la diarrea, las hemorroides, heridas y cortes. G\u00e1rgaras para laringitis, resfriados. Recientemente se usa contra el Herpes<\/li>\n<li><strong>Clima:<\/strong> Templado.<\/li>\n<li><strong>Zonas:<\/strong> 3 y 4.<\/li>\n<li><strong>Siembra:<\/strong> De preferencia en lugares h\u00famedos.<\/li>\n<\/ul>\n","protected":false},"excerpt":{"rendered":"<p>Hierba medicinal y forrajera perenne<\/p>\n","protected":false},"featured_media":7367,"comment_status":"open","ping_status":"closed","template":"","meta":{"inline_featured_image":false,"_monsterinsights_skip_tracking":false,"_monsterinsights_sitenote_active":false,"_monsterinsights_sitenote_note":"","_monsterinsights_sitenote_category":0},"product_brand":[],"product_cat":[260],"product_tag":[827,672,618,828],"class_list":{"0":"post-3071","1":"product","2":"type-product","3":"status-publish","4":"has-post-thumbnail","6":"product_cat-medicinales-y-culinarias","7":"product_tag-consuelda","8":"product_tag-forrajera","9":"product_tag-medicinal","10":"product_tag-menor","12":"first","13":"instock","14":"shipping-taxable","15":"purchasable","16":"product-type-variable","17":"has-default-attributes"},"_links":{"self":[{"href":"https:\/\/qrosoft.mx\/tiendabosquedeniebla\/wp-json\/wp\/v2\/product\/3071","targetHints":{"allow":["GET"]}}],"collection":[{"href":"https:\/\/qrosoft.mx\/tiendabosquedeniebla\/wp-json\/wp\/v2\/product"}],"about":[{"href":"https:\/\/qrosoft.mx\/tiendabosquedeniebla\/wp-json\/wp\/v2\/types\/product"}],"replies":[{"embeddable":true,"href":"https:\/\/qrosoft.mx\/tiendabosquedeniebla\/wp-json\/wp\/v2\/comments?post=3071"}],"wp:featuredmedia":[{"embeddable":true,"href":"https:\/\/qrosoft.mx\/tiendabosquedeniebla\/wp-json\/wp\/v2\/media\/7367"}],"wp:attachment":[{"href":"https:\/\/qrosoft.mx\/tiendabosquedeniebla\/wp-json\/wp\/v2\/media?parent=3071"}],"wp:term":[{"taxonomy":"product_brand","embeddable":true,"href":"https:\/\/qrosoft.mx\/tiendabosquedeniebla\/wp-json\/wp\/v2\/product_brand?post=3071"},{"taxonomy":"product_cat","embeddable":true,"href":"https:\/\/qrosoft.mx\/tiendabosquedeniebla\/wp-json\/wp\/v2\/product_cat?post=3071"},{"taxonomy":"product_tag","embeddable":true,"href":"https:\/\/qrosoft.mx\/tiendabosquedeniebla\/wp-json\/wp\/v2\/product_tag?post=3071"}],"curies":[{"name":"wp","href":"https:\/\/api.w.org\/{rel}","templated":true}]}}