{"id":2998,"date":"2021-05-18T18:26:47","date_gmt":"2021-05-18T23:26:47","guid":{"rendered":"https:\/\/qrosoft.mx\/tiendabosquedeniebla\/product\/chalahuite-de-hoja-ancha\/"},"modified":"2025-12-15T09:10:52","modified_gmt":"2025-12-15T15:10:52","slug":"chalahuite-de-hoja-ancha","status":"publish","type":"product","link":"https:\/\/qrosoft.mx\/tiendabosquedeniebla\/product\/chalahuite-de-hoja-ancha\/","title":{"rendered":"Chalahuite de hoja ancha"},"content":{"rendered":"<h4><strong>Chalahuite de hoja ancha &#8211; <em>Inga oerstediana<\/em><\/strong><\/h4>\n<ul>\n<li><strong>Familia:<\/strong> Fabaceae<\/li>\n<li><strong>Origen:<\/strong> Am\u00e9rica tropical<\/li>\n<li><strong>Descripci\u00f3n:<\/strong> \u00c1rbol leguminoso que alcanza los 15m de altura, de copa extendida y hojas anchas.<\/li>\n<li><strong>Usos:<\/strong> Sembrado tradicionalmente en sistemas de caf\u00e9 diversificado, como fuente de le\u00f1a proveedor de sombra y aportador de nitr\u00f3geno. Ocupado como especie principal, junto con Inga edulis, en sistemas de cultivo en callejones debido a su resistencia a la poda, r\u00e1pido rebrote, gran generaci\u00f3n de biomasa y fijaci\u00f3n de nitr\u00f3geno en suelo.<\/li>\n<li><strong>Clima:<\/strong> C\u00e1lido a templado. Se distribuye entre los 0 y 2,000 m s. n. m., aunque es m\u00e1s com\u00fan arriba de los 600m s. n. m.<\/li>\n<li><strong>Zonas:<\/strong> 1, 2 y 3.<\/li>\n<li><strong>Siembra:<\/strong> Para sistemas de cultivo en callej\u00f3n se recomienda sembrar en hileras, a 50cm entre \u00e1rboles y a 4m de distancia entre hileras. Para provisi\u00f3n de sombra en cafetal, sembrar entre 6 y 8m entre \u00e1rboles.<\/li>\n<\/ul>\n","protected":false},"excerpt":{"rendered":"<p>\u00c1rbol fijador de nitr\u00f3geno y productor de biomasa<\/p>\n","protected":false},"featured_media":7441,"comment_status":"open","ping_status":"closed","template":"","meta":{"inline_featured_image":false,"_monsterinsights_skip_tracking":false,"_monsterinsights_sitenote_active":false,"_monsterinsights_sitenote_note":"","_monsterinsights_sitenote_category":0},"product_brand":[],"product_cat":[84],"product_tag":[673,861,862,863],"class_list":{"0":"post-2998","1":"product","2":"type-product","3":"status-publish","4":"has-post-thumbnail","6":"product_cat-fijadoras-de-nitrogeno","7":"product_tag-biomasa","8":"product_tag-chalahuite","9":"product_tag-chalum","10":"product_tag-fijador-de-nitrogeno","12":"first","13":"instock","14":"shipping-taxable","15":"purchasable","16":"product-type-variable","17":"has-default-attributes"},"_links":{"self":[{"href":"https:\/\/qrosoft.mx\/tiendabosquedeniebla\/wp-json\/wp\/v2\/product\/2998","targetHints":{"allow":["GET"]}}],"collection":[{"href":"https:\/\/qrosoft.mx\/tiendabosquedeniebla\/wp-json\/wp\/v2\/product"}],"about":[{"href":"https:\/\/qrosoft.mx\/tiendabosquedeniebla\/wp-json\/wp\/v2\/types\/product"}],"replies":[{"embeddable":true,"href":"https:\/\/qrosoft.mx\/tiendabosquedeniebla\/wp-json\/wp\/v2\/comments?post=2998"}],"wp:featuredmedia":[{"embeddable":true,"href":"https:\/\/qrosoft.mx\/tiendabosquedeniebla\/wp-json\/wp\/v2\/media\/7441"}],"wp:attachment":[{"href":"https:\/\/qrosoft.mx\/tiendabosquedeniebla\/wp-json\/wp\/v2\/media?parent=2998"}],"wp:term":[{"taxonomy":"product_brand","embeddable":true,"href":"https:\/\/qrosoft.mx\/tiendabosquedeniebla\/wp-json\/wp\/v2\/product_brand?post=2998"},{"taxonomy":"product_cat","embeddable":true,"href":"https:\/\/qrosoft.mx\/tiendabosquedeniebla\/wp-json\/wp\/v2\/product_cat?post=2998"},{"taxonomy":"product_tag","embeddable":true,"href":"https:\/\/qrosoft.mx\/tiendabosquedeniebla\/wp-json\/wp\/v2\/product_tag?post=2998"}],"curies":[{"name":"wp","href":"https:\/\/api.w.org\/{rel}","templated":true}]}}