{"id":2955,"date":"2021-05-18T18:26:35","date_gmt":"2021-05-18T23:26:35","guid":{"rendered":"https:\/\/qrosoft.mx\/tiendabosquedeniebla\/product\/cardiaca\/"},"modified":"2026-01-13T20:03:25","modified_gmt":"2026-01-14T02:03:25","slug":"cardiaca","status":"publish","type":"product","link":"https:\/\/qrosoft.mx\/tiendabosquedeniebla\/product\/cardiaca\/","title":{"rendered":"Cardiaca"},"content":{"rendered":"<h4>Cardiaca &#8211; <em>Leonurus cardiaca<\/em><\/h4>\n<ul>\n<li><strong>Familia:<\/strong> Lamiaceae<\/li>\n<li><strong>Origen:<\/strong> Asia y Norte de Am\u00e9rica<\/li>\n<li><strong>Otros nombres:<\/strong> Agripalma, marihuanilla, hierba del coraz\u00f3n, cola de le\u00f3n, mano de Santa Mar\u00eda.<\/li>\n<li><strong>Descripci\u00f3n:<\/strong> Hierba perenne de 1m de alto, con flores muy vellosas de color p\u00farpura, olor fuerte y desagradable.<\/li>\n<li><strong>Usos:<\/strong> Como remedio para el coraz\u00f3n, para los nervios, es sedativo y relajante, para problemas menstruales e intestinales. Clima<\/li>\n<li><strong>Zonas:<\/strong> 2, 3, 4 y 5.<\/li>\n<li><strong>Siembra:<\/strong> En un lugar soleado, con cualquier tipo de suelo.<\/li>\n<\/ul>\n","protected":false},"excerpt":{"rendered":"<p>Hierba perenne medicinal<\/p>\n","protected":false},"featured_media":2054,"comment_status":"open","ping_status":"closed","template":"","meta":{"inline_featured_image":false,"_monsterinsights_skip_tracking":false,"_monsterinsights_sitenote_active":false,"_monsterinsights_sitenote_note":"","_monsterinsights_sitenote_category":0},"product_brand":[],"product_cat":[260],"product_tag":[],"class_list":{"0":"post-2955","1":"product","2":"type-product","3":"status-publish","4":"has-post-thumbnail","6":"product_cat-medicinales-y-culinarias","8":"first","9":"instock","10":"shipping-taxable","11":"purchasable","12":"product-type-variable","13":"has-default-attributes"},"_links":{"self":[{"href":"https:\/\/qrosoft.mx\/tiendabosquedeniebla\/wp-json\/wp\/v2\/product\/2955","targetHints":{"allow":["GET"]}}],"collection":[{"href":"https:\/\/qrosoft.mx\/tiendabosquedeniebla\/wp-json\/wp\/v2\/product"}],"about":[{"href":"https:\/\/qrosoft.mx\/tiendabosquedeniebla\/wp-json\/wp\/v2\/types\/product"}],"replies":[{"embeddable":true,"href":"https:\/\/qrosoft.mx\/tiendabosquedeniebla\/wp-json\/wp\/v2\/comments?post=2955"}],"wp:featuredmedia":[{"embeddable":true,"href":"https:\/\/qrosoft.mx\/tiendabosquedeniebla\/wp-json\/wp\/v2\/media\/2054"}],"wp:attachment":[{"href":"https:\/\/qrosoft.mx\/tiendabosquedeniebla\/wp-json\/wp\/v2\/media?parent=2955"}],"wp:term":[{"taxonomy":"product_brand","embeddable":true,"href":"https:\/\/qrosoft.mx\/tiendabosquedeniebla\/wp-json\/wp\/v2\/product_brand?post=2955"},{"taxonomy":"product_cat","embeddable":true,"href":"https:\/\/qrosoft.mx\/tiendabosquedeniebla\/wp-json\/wp\/v2\/product_cat?post=2955"},{"taxonomy":"product_tag","embeddable":true,"href":"https:\/\/qrosoft.mx\/tiendabosquedeniebla\/wp-json\/wp\/v2\/product_tag?post=2955"}],"curies":[{"name":"wp","href":"https:\/\/api.w.org\/{rel}","templated":true}]}}