{"id":2948,"date":"2021-05-18T18:26:34","date_gmt":"2021-05-18T23:26:34","guid":{"rendered":"https:\/\/qrosoft.mx\/tiendabosquedeniebla\/product\/capulin-de-semilla\/"},"modified":"2025-12-15T09:10:51","modified_gmt":"2025-12-15T15:10:51","slug":"capulin","status":"publish","type":"product","link":"https:\/\/qrosoft.mx\/tiendabosquedeniebla\/product\/capulin\/","title":{"rendered":"Capul\u00edn"},"content":{"rendered":"<h4>Capul\u00edn &#8211; <em>Prunus serotina var. salicifolia<\/em><\/h4>\n<ul>\n<li><strong>Familia:<\/strong> Rosaceae<\/li>\n<li><strong>Origen:<\/strong> M\u00e9xico, Ecuador y Per\u00fa<\/li>\n<li><strong>Descripci\u00f3n:<\/strong> \u00c1rbol caducifolio de hasta 10m de altura.<\/li>\n<li><strong>Usos:<\/strong> Fruto comestible fresco o para preparaci\u00f3n de dulces y licores. Barrera rompe vientos y recuperaci\u00f3n de terrenos degradados. Medicinalmente reduce la fiebre y alivia el dolor de cabeza.<\/li>\n<li><strong>Clima:<\/strong> Templado-fr\u00edo en una altura de 2,000 a 3,000msnm. Requiere mucho fr\u00edo para producir bien. Lluvias \u00f3ptimas entre 1,000 y 1,200mm anuales.<\/li>\n<li><strong>Zonas:<\/strong> 4.<\/li>\n<li><strong>Siembra:<\/strong> Todo tipo de suelos desde profundos a pobres, de alcalinos a ligeramente \u00e1cidos. Sitios soleados a 7m de distancia entre \u00e1rboles.<\/li>\n<\/ul>\n","protected":false},"excerpt":{"rendered":"<p>Arbol frutal de clima templado<\/p>\n","protected":false},"featured_media":2051,"comment_status":"open","ping_status":"closed","template":"","meta":{"inline_featured_image":false,"_monsterinsights_skip_tracking":false,"_monsterinsights_sitenote_active":false,"_monsterinsights_sitenote_note":"","_monsterinsights_sitenote_category":0},"product_brand":[],"product_cat":[80],"product_tag":[],"class_list":{"0":"post-2948","1":"product","2":"type-product","3":"status-publish","4":"has-post-thumbnail","6":"product_cat-frutales","8":"first","9":"instock","10":"shipping-taxable","11":"purchasable","12":"product-type-variable"},"_links":{"self":[{"href":"https:\/\/qrosoft.mx\/tiendabosquedeniebla\/wp-json\/wp\/v2\/product\/2948","targetHints":{"allow":["GET"]}}],"collection":[{"href":"https:\/\/qrosoft.mx\/tiendabosquedeniebla\/wp-json\/wp\/v2\/product"}],"about":[{"href":"https:\/\/qrosoft.mx\/tiendabosquedeniebla\/wp-json\/wp\/v2\/types\/product"}],"replies":[{"embeddable":true,"href":"https:\/\/qrosoft.mx\/tiendabosquedeniebla\/wp-json\/wp\/v2\/comments?post=2948"}],"wp:featuredmedia":[{"embeddable":true,"href":"https:\/\/qrosoft.mx\/tiendabosquedeniebla\/wp-json\/wp\/v2\/media\/2051"}],"wp:attachment":[{"href":"https:\/\/qrosoft.mx\/tiendabosquedeniebla\/wp-json\/wp\/v2\/media?parent=2948"}],"wp:term":[{"taxonomy":"product_brand","embeddable":true,"href":"https:\/\/qrosoft.mx\/tiendabosquedeniebla\/wp-json\/wp\/v2\/product_brand?post=2948"},{"taxonomy":"product_cat","embeddable":true,"href":"https:\/\/qrosoft.mx\/tiendabosquedeniebla\/wp-json\/wp\/v2\/product_cat?post=2948"},{"taxonomy":"product_tag","embeddable":true,"href":"https:\/\/qrosoft.mx\/tiendabosquedeniebla\/wp-json\/wp\/v2\/product_tag?post=2948"}],"curies":[{"name":"wp","href":"https:\/\/api.w.org\/{rel}","templated":true}]}}