{"id":2896,"date":"2021-05-18T18:26:24","date_gmt":"2021-05-18T23:26:24","guid":{"rendered":"https:\/\/qrosoft.mx\/tiendabosquedeniebla\/product\/betonica\/"},"modified":"2026-01-13T20:03:22","modified_gmt":"2026-01-14T02:03:22","slug":"betonica","status":"publish","type":"product","link":"https:\/\/qrosoft.mx\/tiendabosquedeniebla\/product\/betonica\/","title":{"rendered":"Bet\u00f3nica"},"content":{"rendered":"<h4>Bet\u00f3nica &#8211; <em>Stachys officinalis<\/em><\/h4>\n<ul>\n<li><strong>Familia:<\/strong> Lamiaceae<\/li>\n<li><strong>Origen:<\/strong> Europa<\/li>\n<li><strong>Descripci\u00f3n:<\/strong> Planta herb\u00e1cea perenne de 20 a 70cm de altura, rastrera con flores violetas.<\/li>\n<li><strong>Usos:<\/strong> Calma dolor en general, resfriados y catarros. Excelente para insectos ben\u00e9ficos. Antis\u00e9ptico. Alivia inflamaciones en boca y garganta. Problemas menstruales, de infertilidad, de menopausia, regulaci\u00f3n hormonal (estr\u00f3genos y progesterona), aumenta la producci\u00f3n de leche.<\/li>\n<li><strong>Clima:<\/strong> Bosques h\u00famedos, crece cerca del agua. Subtropical.<\/li>\n<li><strong>Zonas:<\/strong> 2, 3 y 4 .<\/li>\n<li><strong>Siembra:<\/strong> En un lugar seco y soleado, con riego moderado<\/li>\n<\/ul>\n","protected":false},"excerpt":{"rendered":"<p>Hierba medicinal perenne<\/p>\n","protected":false},"featured_media":2027,"comment_status":"open","ping_status":"closed","template":"","meta":{"inline_featured_image":false,"_monsterinsights_skip_tracking":false,"_monsterinsights_sitenote_active":false,"_monsterinsights_sitenote_note":"","_monsterinsights_sitenote_category":0},"product_brand":[],"product_cat":[260],"product_tag":[],"class_list":{"0":"post-2896","1":"product","2":"type-product","3":"status-publish","4":"has-post-thumbnail","6":"product_cat-medicinales-y-culinarias","8":"first","9":"instock","10":"shipping-taxable","11":"purchasable","12":"product-type-variable","13":"has-default-attributes"},"_links":{"self":[{"href":"https:\/\/qrosoft.mx\/tiendabosquedeniebla\/wp-json\/wp\/v2\/product\/2896","targetHints":{"allow":["GET"]}}],"collection":[{"href":"https:\/\/qrosoft.mx\/tiendabosquedeniebla\/wp-json\/wp\/v2\/product"}],"about":[{"href":"https:\/\/qrosoft.mx\/tiendabosquedeniebla\/wp-json\/wp\/v2\/types\/product"}],"replies":[{"embeddable":true,"href":"https:\/\/qrosoft.mx\/tiendabosquedeniebla\/wp-json\/wp\/v2\/comments?post=2896"}],"wp:featuredmedia":[{"embeddable":true,"href":"https:\/\/qrosoft.mx\/tiendabosquedeniebla\/wp-json\/wp\/v2\/media\/2027"}],"wp:attachment":[{"href":"https:\/\/qrosoft.mx\/tiendabosquedeniebla\/wp-json\/wp\/v2\/media?parent=2896"}],"wp:term":[{"taxonomy":"product_brand","embeddable":true,"href":"https:\/\/qrosoft.mx\/tiendabosquedeniebla\/wp-json\/wp\/v2\/product_brand?post=2896"},{"taxonomy":"product_cat","embeddable":true,"href":"https:\/\/qrosoft.mx\/tiendabosquedeniebla\/wp-json\/wp\/v2\/product_cat?post=2896"},{"taxonomy":"product_tag","embeddable":true,"href":"https:\/\/qrosoft.mx\/tiendabosquedeniebla\/wp-json\/wp\/v2\/product_tag?post=2896"}],"curies":[{"name":"wp","href":"https:\/\/api.w.org\/{rel}","templated":true}]}}