{"id":2797,"date":"2021-05-18T18:26:02","date_gmt":"2021-05-18T23:26:02","guid":{"rendered":"https:\/\/qrosoft.mx\/tiendabosquedeniebla\/product\/acuyo\/"},"modified":"2025-12-28T12:25:00","modified_gmt":"2025-12-28T18:25:00","slug":"acuyo","status":"publish","type":"product","link":"https:\/\/qrosoft.mx\/tiendabosquedeniebla\/product\/acuyo\/","title":{"rendered":"Acuyo"},"content":{"rendered":"<h4><strong>Acuyo &#8211;\u00a0<em>Piper auritum<\/em><\/strong><\/h4>\n<ul>\n<li><strong>Familia:<\/strong> Piperaceae<\/li>\n<li><strong>Otros nombres:<\/strong> Tlanepa, Hierba santa, Hoja santa, Momo, Candelillo.<\/li>\n<li><strong>Descripci\u00f3n:<\/strong> Arbusto perenne de 1 a 4m de alto y 2 a 5m de ancho<\/li>\n<li><strong>Usos:<\/strong> Condimento, en medicina se usa la hoja para el dolor muscular y es digestivo. En Las Ca\u00f1adas lo utilizamos seco y molido para guardar el ma\u00edz y el frijol, con esto se mueren los gorgojos y podemos almacenar los granos hasta por dos a\u00f1os.<\/li>\n<li><strong>Clima:<\/strong> De c\u00e1lido a templado, de 0 a 2,000msnm.<\/li>\n<li><strong>Zona:<\/strong> 1, 2, 3 y 4.<\/li>\n<li><strong>Siembra:<\/strong> En suelo h\u00famedo y f\u00e9rtil, en un lugar con media sombra.<\/li>\n<\/ul>\n","protected":false},"excerpt":{"rendered":"<p>Arbusto perenne, condimento y medicina.<\/p>\n","protected":false},"featured_media":7079,"comment_status":"open","ping_status":"closed","template":"","meta":{"inline_featured_image":false,"_monsterinsights_skip_tracking":false,"_monsterinsights_sitenote_active":false,"_monsterinsights_sitenote_note":"","_monsterinsights_sitenote_category":0},"product_brand":[],"product_cat":[260],"product_tag":[786,698,787,607,788],"class_list":{"0":"post-2797","1":"product","2":"type-product","3":"status-publish","4":"has-post-thumbnail","6":"product_cat-medicinales-y-culinarias","7":"product_tag-acuyo","8":"product_tag-culinaria","9":"product_tag-hierba-santa","10":"product_tag-planta","11":"product_tag-tlanepa","13":"first","14":"instock","15":"shipping-taxable","16":"purchasable","17":"product-type-variable","18":"has-default-attributes"},"_links":{"self":[{"href":"https:\/\/qrosoft.mx\/tiendabosquedeniebla\/wp-json\/wp\/v2\/product\/2797","targetHints":{"allow":["GET"]}}],"collection":[{"href":"https:\/\/qrosoft.mx\/tiendabosquedeniebla\/wp-json\/wp\/v2\/product"}],"about":[{"href":"https:\/\/qrosoft.mx\/tiendabosquedeniebla\/wp-json\/wp\/v2\/types\/product"}],"replies":[{"embeddable":true,"href":"https:\/\/qrosoft.mx\/tiendabosquedeniebla\/wp-json\/wp\/v2\/comments?post=2797"}],"wp:featuredmedia":[{"embeddable":true,"href":"https:\/\/qrosoft.mx\/tiendabosquedeniebla\/wp-json\/wp\/v2\/media\/7079"}],"wp:attachment":[{"href":"https:\/\/qrosoft.mx\/tiendabosquedeniebla\/wp-json\/wp\/v2\/media?parent=2797"}],"wp:term":[{"taxonomy":"product_brand","embeddable":true,"href":"https:\/\/qrosoft.mx\/tiendabosquedeniebla\/wp-json\/wp\/v2\/product_brand?post=2797"},{"taxonomy":"product_cat","embeddable":true,"href":"https:\/\/qrosoft.mx\/tiendabosquedeniebla\/wp-json\/wp\/v2\/product_cat?post=2797"},{"taxonomy":"product_tag","embeddable":true,"href":"https:\/\/qrosoft.mx\/tiendabosquedeniebla\/wp-json\/wp\/v2\/product_tag?post=2797"}],"curies":[{"name":"wp","href":"https:\/\/api.w.org\/{rel}","templated":true}]}}