{"id":2615,"date":"2021-05-18T18:30:11","date_gmt":"2021-05-18T23:30:11","guid":{"rendered":"https:\/\/qrosoft.mx\/tiendabosquedeniebla\/product\/tomillo\/"},"modified":"2025-12-16T16:31:02","modified_gmt":"2025-12-16T22:31:02","slug":"tomillo","status":"publish","type":"product","link":"https:\/\/qrosoft.mx\/tiendabosquedeniebla\/product\/tomillo\/","title":{"rendered":"Tomillo"},"content":{"rendered":"<h4><strong>Tomillo &#8211; <em>Thymus vulgaris<\/em><\/strong><\/h4>\n<ul>\n<li><strong>Familia:<\/strong> Lamiaceae<\/li>\n<li><strong>Origen:<\/strong> Sur de Europa<\/li>\n<li><strong>Descripci\u00f3n:<\/strong> Hierba de 10 a 40cm de alto.<\/li>\n<li><strong>Usos:<\/strong> Es una planta expectorante, antis\u00e9ptico, astringente, antimicrobiana y diur\u00e9tica. Alivia la tos, es antibi\u00f3tica, cicatriza las heridas, es digestiva. Ideal para las infecciones profundas de pecho. \u00datil en infecciones de hongos en la piel.<\/li>\n<li><strong>Clima:<\/strong> Templado seco<\/li>\n<li><strong>Zonas:<\/strong> 4 y 5.<\/li>\n<li><strong>Siembra:<\/strong> Sembrar en un lugar soleado en suelo bien drenado.<\/li>\n<\/ul>\n","protected":false},"excerpt":{"rendered":"<p>Hierba perenne culinaria y medicinal<\/p>\n","protected":false},"featured_media":2378,"comment_status":"open","ping_status":"closed","template":"","meta":{"inline_featured_image":false,"_monsterinsights_skip_tracking":false,"_monsterinsights_sitenote_active":false,"_monsterinsights_sitenote_note":"","_monsterinsights_sitenote_category":0},"product_brand":[],"product_cat":[260],"product_tag":[698,754,618,755],"class_list":{"0":"post-2615","1":"product","2":"type-product","3":"status-publish","4":"has-post-thumbnail","6":"product_cat-medicinales-y-culinarias","7":"product_tag-culinaria","8":"product_tag-hierba","9":"product_tag-medicinal","10":"product_tag-tomillo","12":"first","13":"instock","14":"shipping-taxable","15":"purchasable","16":"product-type-variable","17":"has-default-attributes"},"_links":{"self":[{"href":"https:\/\/qrosoft.mx\/tiendabosquedeniebla\/wp-json\/wp\/v2\/product\/2615","targetHints":{"allow":["GET"]}}],"collection":[{"href":"https:\/\/qrosoft.mx\/tiendabosquedeniebla\/wp-json\/wp\/v2\/product"}],"about":[{"href":"https:\/\/qrosoft.mx\/tiendabosquedeniebla\/wp-json\/wp\/v2\/types\/product"}],"replies":[{"embeddable":true,"href":"https:\/\/qrosoft.mx\/tiendabosquedeniebla\/wp-json\/wp\/v2\/comments?post=2615"}],"wp:featuredmedia":[{"embeddable":true,"href":"https:\/\/qrosoft.mx\/tiendabosquedeniebla\/wp-json\/wp\/v2\/media\/2378"}],"wp:attachment":[{"href":"https:\/\/qrosoft.mx\/tiendabosquedeniebla\/wp-json\/wp\/v2\/media?parent=2615"}],"wp:term":[{"taxonomy":"product_brand","embeddable":true,"href":"https:\/\/qrosoft.mx\/tiendabosquedeniebla\/wp-json\/wp\/v2\/product_brand?post=2615"},{"taxonomy":"product_cat","embeddable":true,"href":"https:\/\/qrosoft.mx\/tiendabosquedeniebla\/wp-json\/wp\/v2\/product_cat?post=2615"},{"taxonomy":"product_tag","embeddable":true,"href":"https:\/\/qrosoft.mx\/tiendabosquedeniebla\/wp-json\/wp\/v2\/product_tag?post=2615"}],"curies":[{"name":"wp","href":"https:\/\/api.w.org\/{rel}","templated":true}]}}