{"id":2580,"date":"2021-05-18T18:29:44","date_gmt":"2021-05-18T23:29:44","guid":{"rendered":"https:\/\/qrosoft.mx\/tiendabosquedeniebla\/product\/rabano-daikon\/"},"modified":"2026-01-10T12:09:10","modified_gmt":"2026-01-10T18:09:10","slug":"rabano-daikon","status":"publish","type":"product","link":"https:\/\/qrosoft.mx\/tiendabosquedeniebla\/product\/rabano-daikon\/","title":{"rendered":"R\u00e1bano daik\u00f3n"},"content":{"rendered":"<h4><strong>R\u00e1bano daik\u00f3n &#8211; <em>Raphanus sativus<\/em><\/strong><\/h4>\n<ul>\n<li><strong>Familia:<\/strong> Brassicaceae<\/li>\n<li><strong>Origen:<\/strong> Asia<\/li>\n<li><strong>Area potencial de siembra por 10 g:<\/strong> 20m\u00b2<\/li>\n<li><strong>Semillas por 10 g:<\/strong> 700 aprox.<\/li>\n<li><strong>Descripci\u00f3n:<\/strong> Variedad blanca de 20 a 35cm de largo por 5 a 10cm de di\u00e1metro de ra\u00edz muy grande.<\/li>\n<li><strong>Usos:<\/strong> Ra\u00edz comestible de sabor picante.<\/li>\n<li><strong>Clima:<\/strong> Prefiere el clima templado-fr\u00edo.<\/li>\n<li><strong>Zonas:<\/strong> 3, 4, 5<\/li>\n<li><strong>Siembra:<\/strong> Directo en el suelo a 15cm o al voleo.<\/li>\n<li><strong>Cosecha:<\/strong> a los 5 meses de ser sembrados, cuando la cabeza blanca salga del suelo.<\/li>\n<li><strong>Nota:<\/strong> Por su gran tama\u00f1o se utiliza para abrir y aflojar el suelo.<\/li>\n<\/ul>\n","protected":false},"excerpt":{"rendered":"<p>Hortaliza anual de bulbo comestible<\/p>\n","protected":false},"featured_media":2342,"comment_status":"open","ping_status":"closed","template":"","meta":{"inline_featured_image":false,"_monsterinsights_skip_tracking":false,"_monsterinsights_sitenote_active":false,"_monsterinsights_sitenote_note":"","_monsterinsights_sitenote_category":0},"product_brand":[],"product_cat":[808],"product_tag":[],"class_list":{"0":"post-2580","1":"product","2":"type-product","3":"status-publish","4":"has-post-thumbnail","6":"product_cat-raices-comestibles","8":"first","9":"instock","10":"shipping-taxable","11":"purchasable","12":"product-type-variable","13":"has-default-attributes"},"_links":{"self":[{"href":"https:\/\/qrosoft.mx\/tiendabosquedeniebla\/wp-json\/wp\/v2\/product\/2580","targetHints":{"allow":["GET"]}}],"collection":[{"href":"https:\/\/qrosoft.mx\/tiendabosquedeniebla\/wp-json\/wp\/v2\/product"}],"about":[{"href":"https:\/\/qrosoft.mx\/tiendabosquedeniebla\/wp-json\/wp\/v2\/types\/product"}],"replies":[{"embeddable":true,"href":"https:\/\/qrosoft.mx\/tiendabosquedeniebla\/wp-json\/wp\/v2\/comments?post=2580"}],"wp:featuredmedia":[{"embeddable":true,"href":"https:\/\/qrosoft.mx\/tiendabosquedeniebla\/wp-json\/wp\/v2\/media\/2342"}],"wp:attachment":[{"href":"https:\/\/qrosoft.mx\/tiendabosquedeniebla\/wp-json\/wp\/v2\/media?parent=2580"}],"wp:term":[{"taxonomy":"product_brand","embeddable":true,"href":"https:\/\/qrosoft.mx\/tiendabosquedeniebla\/wp-json\/wp\/v2\/product_brand?post=2580"},{"taxonomy":"product_cat","embeddable":true,"href":"https:\/\/qrosoft.mx\/tiendabosquedeniebla\/wp-json\/wp\/v2\/product_cat?post=2580"},{"taxonomy":"product_tag","embeddable":true,"href":"https:\/\/qrosoft.mx\/tiendabosquedeniebla\/wp-json\/wp\/v2\/product_tag?post=2580"}],"curies":[{"name":"wp","href":"https:\/\/api.w.org\/{rel}","templated":true}]}}