{"id":2505,"date":"2021-05-18T18:28:43","date_gmt":"2021-05-18T23:28:43","guid":{"rendered":"https:\/\/qrosoft.mx\/tiendabosquedeniebla\/product\/manzana-ana-injerto\/"},"modified":"2025-12-15T09:12:54","modified_gmt":"2025-12-15T15:12:54","slug":"manzana-ana","status":"publish","type":"product","link":"https:\/\/qrosoft.mx\/tiendabosquedeniebla\/product\/manzana-ana\/","title":{"rendered":"Manzana Ana"},"content":{"rendered":"<h4>Manzana Ana &#8211; <em>Malus pumila<\/em><\/h4>\n<ul>\n<li><strong>Familia:<\/strong> Rosaceae<\/li>\n<li><strong>Origen:<\/strong> Israel<\/li>\n<li><strong>Descripci\u00f3n:<\/strong> Tiene latendencia a florear dos veces al a\u00f1o y los \u00e1rboles son poco vigorosos. Manzana mediana de color rojizo. Requiere al menos 100 horas fr\u00edo. Se debe sembrar junto con la variedad Dorset Golden para asegurar la polinizaci\u00f3n (polinizaci\u00f3n cruzada).<\/li>\n<li><strong>Usos:<\/strong> Fruto comestible.<\/li>\n<li><strong>Clima:<\/strong> Tropical (alto y fresco) y subtropical, a una altura de 1,300 hasta 2,500msnm<\/li>\n<li><strong>Zonas:<\/strong> 2, 3 y 4.<\/li>\n<li><strong>Siembra:<\/strong> En \u00e9poca de lluvias a una distancia de 6 a 7m entre \u00e1rboles. Prefiere suelos con buen drenaje.<\/li>\n<\/ul>\n","protected":false},"excerpt":{"rendered":"<p>Frutal de clima templado<\/p>\n","protected":false},"featured_media":2264,"comment_status":"open","ping_status":"closed","template":"","meta":{"inline_featured_image":false,"_monsterinsights_skip_tracking":false,"_monsterinsights_sitenote_active":false,"_monsterinsights_sitenote_note":"","_monsterinsights_sitenote_category":0},"product_brand":[],"product_cat":[80],"product_tag":[],"class_list":{"0":"post-2505","1":"product","2":"type-product","3":"status-publish","4":"has-post-thumbnail","6":"product_cat-frutales","8":"first","9":"instock","10":"shipping-taxable","11":"purchasable","12":"product-type-variable"},"_links":{"self":[{"href":"https:\/\/qrosoft.mx\/tiendabosquedeniebla\/wp-json\/wp\/v2\/product\/2505","targetHints":{"allow":["GET"]}}],"collection":[{"href":"https:\/\/qrosoft.mx\/tiendabosquedeniebla\/wp-json\/wp\/v2\/product"}],"about":[{"href":"https:\/\/qrosoft.mx\/tiendabosquedeniebla\/wp-json\/wp\/v2\/types\/product"}],"replies":[{"embeddable":true,"href":"https:\/\/qrosoft.mx\/tiendabosquedeniebla\/wp-json\/wp\/v2\/comments?post=2505"}],"wp:featuredmedia":[{"embeddable":true,"href":"https:\/\/qrosoft.mx\/tiendabosquedeniebla\/wp-json\/wp\/v2\/media\/2264"}],"wp:attachment":[{"href":"https:\/\/qrosoft.mx\/tiendabosquedeniebla\/wp-json\/wp\/v2\/media?parent=2505"}],"wp:term":[{"taxonomy":"product_brand","embeddable":true,"href":"https:\/\/qrosoft.mx\/tiendabosquedeniebla\/wp-json\/wp\/v2\/product_brand?post=2505"},{"taxonomy":"product_cat","embeddable":true,"href":"https:\/\/qrosoft.mx\/tiendabosquedeniebla\/wp-json\/wp\/v2\/product_cat?post=2505"},{"taxonomy":"product_tag","embeddable":true,"href":"https:\/\/qrosoft.mx\/tiendabosquedeniebla\/wp-json\/wp\/v2\/product_tag?post=2505"}],"curies":[{"name":"wp","href":"https:\/\/api.w.org\/{rel}","templated":true}]}}