{"id":2481,"date":"2021-05-18T18:28:24","date_gmt":"2021-05-18T23:28:24","guid":{"rendered":"https:\/\/qrosoft.mx\/tiendabosquedeniebla\/product\/limon-canario-semilla\/"},"modified":"2025-12-15T10:11:43","modified_gmt":"2025-12-15T16:11:43","slug":"limon-canario","status":"publish","type":"product","link":"https:\/\/qrosoft.mx\/tiendabosquedeniebla\/product\/limon-canario\/","title":{"rendered":"Lim\u00f3n Canario"},"content":{"rendered":"<h4>Lim\u00f3n Canario &#8211; <em>Citrus x lim\u00f3n<\/em><\/h4>\n<ul>\n<li><strong>Familia:<\/strong> Rutaceae<\/li>\n<li><strong>Origen:<\/strong> India y sudeste de Asia<\/li>\n<li><strong>Otros nombres:<\/strong> Naranja agria, mandarina agria, lim\u00f3n agrio.<\/li>\n<li><strong>Descripci\u00f3n:<\/strong> \u00c1rbol frondoso de r\u00e1pido crecimiento de 3 a 6m de altura.<\/li>\n<li><strong>Usos:<\/strong> Fruto comestible. Se utiliza medicinalmente como carminativo, antis\u00e9ptico y diur\u00e9tico. Tambi\u00e9n para afecciones de boca y garganta y purifica la sangre.<\/li>\n<li><strong>Clima:<\/strong> Tropical y subtropical. Tolera bien la sequ\u00eda. Se cultiva en alturas de hasta 1,500msnm. Resiste heladas.<\/li>\n<li><strong>Zonas:<\/strong> 1, 2, 3, 4 y 5.<\/li>\n<li><strong>Siembra:<\/strong> Sitios soleados protegidos del viento. Todo tipo de suelos desde profundos, h\u00famedos y bien drenados hasta pedregosos y poco profundos. Sensible a la salinidad. Distancia entre \u00e1rboles de 4 a 8m.<\/li>\n<\/ul>\n","protected":false},"excerpt":{"rendered":"<p>Frutal de clima subtropical, tropical y templado<\/p>\n","protected":false},"featured_media":5068,"comment_status":"open","ping_status":"closed","template":"","meta":{"inline_featured_image":false,"_monsterinsights_skip_tracking":false,"_monsterinsights_sitenote_active":false,"_monsterinsights_sitenote_note":"","_monsterinsights_sitenote_category":0},"product_brand":[],"product_cat":[80],"product_tag":[],"class_list":{"0":"post-2481","1":"product","2":"type-product","3":"status-publish","4":"has-post-thumbnail","6":"product_cat-frutales","8":"first","9":"instock","10":"shipping-taxable","11":"purchasable","12":"product-type-variable"},"_links":{"self":[{"href":"https:\/\/qrosoft.mx\/tiendabosquedeniebla\/wp-json\/wp\/v2\/product\/2481","targetHints":{"allow":["GET"]}}],"collection":[{"href":"https:\/\/qrosoft.mx\/tiendabosquedeniebla\/wp-json\/wp\/v2\/product"}],"about":[{"href":"https:\/\/qrosoft.mx\/tiendabosquedeniebla\/wp-json\/wp\/v2\/types\/product"}],"replies":[{"embeddable":true,"href":"https:\/\/qrosoft.mx\/tiendabosquedeniebla\/wp-json\/wp\/v2\/comments?post=2481"}],"wp:featuredmedia":[{"embeddable":true,"href":"https:\/\/qrosoft.mx\/tiendabosquedeniebla\/wp-json\/wp\/v2\/media\/5068"}],"wp:attachment":[{"href":"https:\/\/qrosoft.mx\/tiendabosquedeniebla\/wp-json\/wp\/v2\/media?parent=2481"}],"wp:term":[{"taxonomy":"product_brand","embeddable":true,"href":"https:\/\/qrosoft.mx\/tiendabosquedeniebla\/wp-json\/wp\/v2\/product_brand?post=2481"},{"taxonomy":"product_cat","embeddable":true,"href":"https:\/\/qrosoft.mx\/tiendabosquedeniebla\/wp-json\/wp\/v2\/product_cat?post=2481"},{"taxonomy":"product_tag","embeddable":true,"href":"https:\/\/qrosoft.mx\/tiendabosquedeniebla\/wp-json\/wp\/v2\/product_tag?post=2481"}],"curies":[{"name":"wp","href":"https:\/\/api.w.org\/{rel}","templated":true}]}}