{"id":2468,"date":"2021-05-18T18:28:17","date_gmt":"2021-05-18T23:28:17","guid":{"rendered":"https:\/\/qrosoft.mx\/tiendabosquedeniebla\/product\/lechuga-baby-leaf-o-freckles\/"},"modified":"2025-12-10T13:05:08","modified_gmt":"2025-12-10T19:05:08","slug":"lechuga-baby-leaf-o-freckles","status":"publish","type":"product","link":"https:\/\/qrosoft.mx\/tiendabosquedeniebla\/product\/lechuga-baby-leaf-o-freckles\/","title":{"rendered":"Lechuga freckles o baby leaf"},"content":{"rendered":"<h4><strong>Lechuga freckles o baby leaf &#8211; <em>Lactuca sativa<\/em><\/strong><\/h4>\n<ul>\n<li><strong>Familia:<\/strong> Asteraceae<\/li>\n<li><strong>Origen:<\/strong> Europa<\/li>\n<li><strong>Area potencial de siembra por 0.2 g:<\/strong> 25m\u00b2<\/li>\n<li><strong>Semillas por 0.2 g:<\/strong> 300 aprox.<\/li>\n<li><strong>Descripci\u00f3n:<\/strong> Lechuga deliciosa, de hojas alargadas, redondeadas y salpicadas de color vino muy llamativo. Las motas de color se intensifican con el tiempo.<\/li>\n<li><strong>Usos:<\/strong> Hojas comestibles en ensalada, de delicioso sabor.<\/li>\n<li><strong>Clima:<\/strong> Prefiere el clima templado-fr\u00edo. Resistente a climas fr\u00edos y heladas no muy intensas.<\/li>\n<li><strong>Zonas:<\/strong> 3, 4, 5<\/li>\n<li><strong>Siembra:<\/strong> En alm\u00e1cigo, trasplantar a 30 cm entre plantas.<\/li>\n<li><strong>Cosecha:<\/strong> Se puede cosechar como \u201cbaby\u201d a los 30 d\u00edas despu\u00e9s del trasplante, o bien al alcanzar su madurez a los 60 d\u00edas aproximadamente.<\/li>\n<\/ul>\n","protected":false},"excerpt":{"rendered":"<p>Hortaliza anual de hojas comestibles<\/p>\n","protected":false},"featured_media":4492,"comment_status":"open","ping_status":"closed","template":"","meta":{"inline_featured_image":false,"_monsterinsights_skip_tracking":false,"_monsterinsights_sitenote_active":false,"_monsterinsights_sitenote_note":"","_monsterinsights_sitenote_category":0},"product_brand":[],"product_cat":[181],"product_tag":[],"class_list":{"0":"post-2468","1":"product","2":"type-product","3":"status-publish","4":"has-post-thumbnail","6":"product_cat-hojas-comestibles","8":"first","9":"instock","10":"shipping-taxable","11":"purchasable","12":"product-type-variable","13":"has-default-attributes"},"_links":{"self":[{"href":"https:\/\/qrosoft.mx\/tiendabosquedeniebla\/wp-json\/wp\/v2\/product\/2468","targetHints":{"allow":["GET"]}}],"collection":[{"href":"https:\/\/qrosoft.mx\/tiendabosquedeniebla\/wp-json\/wp\/v2\/product"}],"about":[{"href":"https:\/\/qrosoft.mx\/tiendabosquedeniebla\/wp-json\/wp\/v2\/types\/product"}],"replies":[{"embeddable":true,"href":"https:\/\/qrosoft.mx\/tiendabosquedeniebla\/wp-json\/wp\/v2\/comments?post=2468"}],"wp:featuredmedia":[{"embeddable":true,"href":"https:\/\/qrosoft.mx\/tiendabosquedeniebla\/wp-json\/wp\/v2\/media\/4492"}],"wp:attachment":[{"href":"https:\/\/qrosoft.mx\/tiendabosquedeniebla\/wp-json\/wp\/v2\/media?parent=2468"}],"wp:term":[{"taxonomy":"product_brand","embeddable":true,"href":"https:\/\/qrosoft.mx\/tiendabosquedeniebla\/wp-json\/wp\/v2\/product_brand?post=2468"},{"taxonomy":"product_cat","embeddable":true,"href":"https:\/\/qrosoft.mx\/tiendabosquedeniebla\/wp-json\/wp\/v2\/product_cat?post=2468"},{"taxonomy":"product_tag","embeddable":true,"href":"https:\/\/qrosoft.mx\/tiendabosquedeniebla\/wp-json\/wp\/v2\/product_tag?post=2468"}],"curies":[{"name":"wp","href":"https:\/\/api.w.org\/{rel}","templated":true}]}}