{"id":2409,"date":"2021-05-18T18:27:27","date_gmt":"2021-05-18T23:27:27","guid":{"rendered":"https:\/\/qrosoft.mx\/tiendabosquedeniebla\/product\/espinaca-nueva-zelanda\/"},"modified":"2026-01-06T16:35:05","modified_gmt":"2026-01-06T22:35:05","slug":"espinaca-nueva-zelanda","status":"publish","type":"product","link":"https:\/\/qrosoft.mx\/tiendabosquedeniebla\/product\/espinaca-nueva-zelanda\/","title":{"rendered":"Espinaca Nueva Zelanda"},"content":{"rendered":"<h4><strong>Espinaca Nueva Zelanda &#8211; <em>Tetragonia tetragonioides<\/em><\/strong><\/h4>\n<ul>\n<li><strong>Familia:<\/strong> Aizoaceae<\/li>\n<li><strong>Origen:<\/strong> Ocean\u00eda y Sudam\u00e9rica<\/li>\n<li><strong>Area potencial de siembra por 1.5 g:<\/strong> 4m\u00b2<\/li>\n<li><strong>Semillas por 1.5 g:<\/strong> 25 aprox.<\/li>\n<li><strong>Descripci\u00f3n:<\/strong> Planta herb\u00e1cea anual, con hojas triangulares, gruesas y cubiertas con diminutas vellosidades, de 3 a 15cm de largo, color verde brillante. Las flores son color amarillo y el fruto es una peque\u00f1a c\u00e1psula dura cubierta con peque\u00f1os cuernos.<\/li>\n<li><strong>Usos:<\/strong> Es un excelente sustituto de la espinaca para climas c\u00e1lidos y h\u00famedos, aunque por sus niveles de oxalatos hay que blanquear las hojas antes de utilizarlas. Utilizada como planta ornamental para cubrir el suelo.<\/li>\n<li><strong>Clima:<\/strong> Templado a c\u00e1lido. Prefiere la humedad.<\/li>\n<li><strong>Zonas:<\/strong> 1, 2, 3, 4<\/li>\n<li><strong>Siembra:<\/strong> En \u00e9poca de lluvias para facilitar su crecimiento. Muy resistente, puede crecer en suelos salados y arenosos. Hay que podarla si no queremos que invada otras plantas.<\/li>\n<\/ul>\n","protected":false},"excerpt":{"rendered":"<p>Planta anual de hojas comestibles<\/p>\n","protected":false},"featured_media":4565,"comment_status":"open","ping_status":"closed","template":"","meta":{"inline_featured_image":false,"_monsterinsights_skip_tracking":false,"_monsterinsights_sitenote_active":false,"_monsterinsights_sitenote_note":"","_monsterinsights_sitenote_category":0},"product_brand":[],"product_cat":[181],"product_tag":[],"class_list":{"0":"post-2409","1":"product","2":"type-product","3":"status-publish","4":"has-post-thumbnail","6":"product_cat-hojas-comestibles","8":"first","9":"instock","10":"shipping-taxable","11":"purchasable","12":"product-type-variable","13":"has-default-attributes"},"_links":{"self":[{"href":"https:\/\/qrosoft.mx\/tiendabosquedeniebla\/wp-json\/wp\/v2\/product\/2409","targetHints":{"allow":["GET"]}}],"collection":[{"href":"https:\/\/qrosoft.mx\/tiendabosquedeniebla\/wp-json\/wp\/v2\/product"}],"about":[{"href":"https:\/\/qrosoft.mx\/tiendabosquedeniebla\/wp-json\/wp\/v2\/types\/product"}],"replies":[{"embeddable":true,"href":"https:\/\/qrosoft.mx\/tiendabosquedeniebla\/wp-json\/wp\/v2\/comments?post=2409"}],"wp:featuredmedia":[{"embeddable":true,"href":"https:\/\/qrosoft.mx\/tiendabosquedeniebla\/wp-json\/wp\/v2\/media\/4565"}],"wp:attachment":[{"href":"https:\/\/qrosoft.mx\/tiendabosquedeniebla\/wp-json\/wp\/v2\/media?parent=2409"}],"wp:term":[{"taxonomy":"product_brand","embeddable":true,"href":"https:\/\/qrosoft.mx\/tiendabosquedeniebla\/wp-json\/wp\/v2\/product_brand?post=2409"},{"taxonomy":"product_cat","embeddable":true,"href":"https:\/\/qrosoft.mx\/tiendabosquedeniebla\/wp-json\/wp\/v2\/product_cat?post=2409"},{"taxonomy":"product_tag","embeddable":true,"href":"https:\/\/qrosoft.mx\/tiendabosquedeniebla\/wp-json\/wp\/v2\/product_tag?post=2409"}],"curies":[{"name":"wp","href":"https:\/\/api.w.org\/{rel}","templated":true}]}}