{"id":1834,"date":"2021-01-27T22:10:18","date_gmt":"2021-01-28T04:10:18","guid":{"rendered":"https:\/\/qrosoft.mx\/tiendabosquedeniebla\/?post_type=product&#038;p=1834"},"modified":"2025-09-25T13:58:05","modified_gmt":"2025-09-25T19:58:05","slug":"esterilla-de-bambu","status":"publish","type":"product","link":"https:\/\/qrosoft.mx\/tiendabosquedeniebla\/product\/esterilla-de-bambu\/","title":{"rendered":"Esterilla de bamb\u00fa"},"content":{"rendered":"<h4><strong>Esterilla de bamb\u00fa<\/strong><\/h4>\n<p><span style=\"color: #000000;\">La esterilla o bamb\u00fa planchado es un material muy vers\u00e1til que puede ser utilizado como plaf\u00f3n, para revestir muros o como cualquier otro acabado de decoraci\u00f3n. Destaca por sus caracter\u00edsticas t\u00e9rmicas y como aislante ac\u00fastico.<\/span><\/p>\n<ul>\n<li><span style=\"color: #000000;\"><strong>Presentaci\u00f3n:\u00a0<\/strong>1 m<sup>2<\/sup> (2 piezas de \u00a020cm x 2.50m)<\/span><\/li>\n<li><span style=\"color: #000000;\"><strong>Tratamiento:\u00a0<\/strong>Preservaci\u00f3n por inmersi\u00f3n en sales de boro para evitar el ataque de insectos xil\u00f3fagos (termita).<\/span><span style=\"color: #000000;\">\u00a0<\/span><\/li>\n<li><span style=\"color: #000000;\"><strong>Nota: <\/strong>No incluye\u00a0gastos de env\u00edo<\/span><\/li>\n<\/ul>\n<h5><span class=\"estilo23\"><span style=\"color: #000000;\">Cotizaciones y pedidos al correo:<\/span>\u00a0<span style=\"color: #99cc00;\"><a style=\"color: #99cc00;\" href=\"mailto:raul@bosquedeniebla.com.mx\"><strong>raul@bosquedeniebla.com.mx<\/strong><\/a><\/span><\/span><\/h5>\n","protected":false},"excerpt":{"rendered":"<h3><span style=\"color: #000000;\"><span class=\"estilo23\"><strong>DISPONIBLE SOLO PARA VENTA DIRECTA<\/strong>.<\/span><\/span><\/h3>\n<h5><span style=\"color: #000000;\"><span class=\"estilo23\">Por favor escr\u00edbenos para verificar disponibilidad y solicitar una cotizaci\u00f3n al correo: <span style=\"color: #99cc00;\"><a style=\"color: #99cc00;\" href=\"mailto:raul@bosquedeniebla.com.mx\">raul@bosquedeniebla.com.mx<\/a><\/span><\/span><\/span><\/h5>\n<p><span style=\"color: #000000;\">La esterilla o bamb\u00fa planchado es un material muy vers\u00e1til que puede ser utilizado como plaf\u00f3n, para revestir muros o como cualquier otro acabado de decoraci\u00f3n.<\/span><\/p>\n","protected":false},"featured_media":1839,"comment_status":"closed","ping_status":"closed","template":"","meta":{"inline_featured_image":false,"_monsterinsights_skip_tracking":false,"_monsterinsights_sitenote_active":false,"_monsterinsights_sitenote_note":"","_monsterinsights_sitenote_category":0},"product_brand":[],"product_cat":[72],"product_tag":[],"class_list":{"0":"post-1834","1":"product","2":"type-product","3":"status-publish","4":"has-post-thumbnail","6":"product_cat-bambu","8":"first","9":"instock","10":"taxable","11":"shipping-taxable","12":"purchasable","13":"product-type-simple"},"_links":{"self":[{"href":"https:\/\/qrosoft.mx\/tiendabosquedeniebla\/wp-json\/wp\/v2\/product\/1834","targetHints":{"allow":["GET"]}}],"collection":[{"href":"https:\/\/qrosoft.mx\/tiendabosquedeniebla\/wp-json\/wp\/v2\/product"}],"about":[{"href":"https:\/\/qrosoft.mx\/tiendabosquedeniebla\/wp-json\/wp\/v2\/types\/product"}],"replies":[{"embeddable":true,"href":"https:\/\/qrosoft.mx\/tiendabosquedeniebla\/wp-json\/wp\/v2\/comments?post=1834"}],"wp:featuredmedia":[{"embeddable":true,"href":"https:\/\/qrosoft.mx\/tiendabosquedeniebla\/wp-json\/wp\/v2\/media\/1839"}],"wp:attachment":[{"href":"https:\/\/qrosoft.mx\/tiendabosquedeniebla\/wp-json\/wp\/v2\/media?parent=1834"}],"wp:term":[{"taxonomy":"product_brand","embeddable":true,"href":"https:\/\/qrosoft.mx\/tiendabosquedeniebla\/wp-json\/wp\/v2\/product_brand?post=1834"},{"taxonomy":"product_cat","embeddable":true,"href":"https:\/\/qrosoft.mx\/tiendabosquedeniebla\/wp-json\/wp\/v2\/product_cat?post=1834"},{"taxonomy":"product_tag","embeddable":true,"href":"https:\/\/qrosoft.mx\/tiendabosquedeniebla\/wp-json\/wp\/v2\/product_tag?post=1834"}],"curies":[{"name":"wp","href":"https:\/\/api.w.org\/{rel}","templated":true}]}}