{"id":10237,"date":"2025-09-19T11:15:15","date_gmt":"2025-09-19T17:15:15","guid":{"rendered":"https:\/\/qrosoft.mx\/tiendabosquedeniebla\/?post_type=product&#038;p=10237"},"modified":"2026-01-03T21:20:38","modified_gmt":"2026-01-04T03:20:38","slug":"manual-cultivo-de-hongos","status":"publish","type":"product","link":"https:\/\/qrosoft.mx\/tiendabosquedeniebla\/product\/manual-cultivo-de-hongos\/","title":{"rendered":"Manual Cultivo de Hongos"},"content":{"rendered":"<h4 id=\"title\" class=\"a-spacing-none a-text-normal\"><strong><span id=\"productTitle\" class=\"a-size-extra-large\">Manual Cultivo de Hongos<\/span><\/strong><\/h4>\n<p>En las Ca\u00f1adas comenzamos a cultivar hongos en el 2007, siendo el shiitake la primer especie con la que experimentamos y que se ha adaptado exitosamente a las condiciones del ecosistema de bosque de niebla en el que vivimos. Desde entonces hemos aprendido sobre la ecolog\u00eda y cultivo de \u00e9sta y otras especies de hongos, las cuales cultivamos para compartir con los socios de la cooperativa y con los visitantes.<\/p>\n<p>En este manual compartimos el conocimiento derivado de nuestra experiencia con los hongos que a lo largo de los a\u00f1os nos han brindado su alimento y medicina a trav\u00e9s de su cosecha y consumo continuo. Hemos organizado la informaci\u00f3n de este manual para que los lectores entiendan a los hongos a nivel biol\u00f3gico, y que a partir de ello profundicen en las metodolog\u00edas de cultivo que practicamos y mejoramos a\u00f1o con a\u00f1o.<\/p>\n<p>Para quienes asisten al curso de hongos de nuestra cooperativa, o bien aquellos con inter\u00e9s en la biolog\u00eda y cultivo de hongos, este manual ser\u00e1 una gran herramienta de acompa\u00f1amiento te\u00f3rico y t\u00e9cnico. Esperamos que esta aportaci\u00f3n facilite la integraci\u00f3n de los hongos comestibles y medicinales a agro sistemas sustentables y productivos, siendo estas pr\u00e1cticas compatibles con proyectos de conservaci\u00f3n de bosques y reforestaci\u00f3n que cuenten con manejo sustentable de recursos, tanto para iniciativas privadas como a nivel comunitario.<\/p>\n<ul>\n<li><span style=\"color: #000000;\"><strong>Autores:<\/strong> Biol. Mariana S\u00e1nchez<\/span><\/li>\n<li><span style=\"color: #000000;\"><strong>Ilustraciones:<\/strong> Estefan\u00eda Oliveras<\/span><\/li>\n<li><span style=\"color: #000000;\"><strong>Primera edici\u00f3n:<\/strong> Junio 2025<\/span><\/li>\n<li><strong>No. P\u00e1ginas:<\/strong> 65 p\u00e1ginas<\/li>\n<\/ul>\n","protected":false},"excerpt":{"rendered":"<p><strong>Manual impreso<\/strong> para aprender sobre el reino fungi y el cultivo de diferentes variedades de hongos comestibles y medicinales.<\/p>\n<p>Puedes adquirir la <strong>versi\u00f3n digital<\/strong> en Hotmart en el siguiente enlace:\u00a0<span style=\"color: #99cc00;\"><em><strong><a style=\"color: #99cc00;\" href=\"https:\/\/go.hotmart.com\/I101985424Q\" target=\"_blank\" rel=\"noopener\">Manual digital cultivo de hongos<\/a><\/strong><\/em><\/span><\/p>\n","protected":false},"featured_media":10238,"comment_status":"closed","ping_status":"closed","template":"","meta":{"inline_featured_image":false,"_monsterinsights_skip_tracking":false,"_monsterinsights_sitenote_active":false,"_monsterinsights_sitenote_note":"","_monsterinsights_sitenote_category":0},"product_brand":[],"product_cat":[66],"product_tag":[675,676],"class_list":{"0":"post-10237","1":"product","2":"type-product","3":"status-publish","4":"has-post-thumbnail","6":"product_cat-libros-y-manuales","7":"product_tag-libros","8":"product_tag-manuales","9":"product_shipping_class-fedex-y-correos","11":"first","12":"instock","13":"shipping-taxable","14":"purchasable","15":"product-type-simple"},"_links":{"self":[{"href":"https:\/\/qrosoft.mx\/tiendabosquedeniebla\/wp-json\/wp\/v2\/product\/10237","targetHints":{"allow":["GET"]}}],"collection":[{"href":"https:\/\/qrosoft.mx\/tiendabosquedeniebla\/wp-json\/wp\/v2\/product"}],"about":[{"href":"https:\/\/qrosoft.mx\/tiendabosquedeniebla\/wp-json\/wp\/v2\/types\/product"}],"replies":[{"embeddable":true,"href":"https:\/\/qrosoft.mx\/tiendabosquedeniebla\/wp-json\/wp\/v2\/comments?post=10237"}],"wp:featuredmedia":[{"embeddable":true,"href":"https:\/\/qrosoft.mx\/tiendabosquedeniebla\/wp-json\/wp\/v2\/media\/10238"}],"wp:attachment":[{"href":"https:\/\/qrosoft.mx\/tiendabosquedeniebla\/wp-json\/wp\/v2\/media?parent=10237"}],"wp:term":[{"taxonomy":"product_brand","embeddable":true,"href":"https:\/\/qrosoft.mx\/tiendabosquedeniebla\/wp-json\/wp\/v2\/product_brand?post=10237"},{"taxonomy":"product_cat","embeddable":true,"href":"https:\/\/qrosoft.mx\/tiendabosquedeniebla\/wp-json\/wp\/v2\/product_cat?post=10237"},{"taxonomy":"product_tag","embeddable":true,"href":"https:\/\/qrosoft.mx\/tiendabosquedeniebla\/wp-json\/wp\/v2\/product_tag?post=10237"}],"curies":[{"name":"wp","href":"https:\/\/api.w.org\/{rel}","templated":true}]}}