{"id":10038,"date":"2025-08-19T10:53:36","date_gmt":"2025-08-19T16:53:36","guid":{"rendered":"https:\/\/qrosoft.mx\/tiendabosquedeniebla\/?post_type=product&#038;p=10038"},"modified":"2026-03-19T19:17:00","modified_gmt":"2026-03-20T01:17:00","slug":"master-class-las-canadas-bosque-de-niebla","status":"publish","type":"product","link":"https:\/\/qrosoft.mx\/tiendabosquedeniebla\/product\/master-class-las-canadas-bosque-de-niebla\/","title":{"rendered":"Master Class: Las Ca\u00f1adas"},"content":{"rendered":"<h4>\u00bfSue\u00f1as con un proyecto de vida regenerativo pero no sabes por d\u00f3nde empezar?<\/h4>\n<p>La crisis ambiental y social nos exige pasar de la preocupaci\u00f3n a la acci\u00f3n. Imagina no solo reducir tu huella, sino crear un impacto positivo en tu comunidad y territorio mientras construyes una vida con prop\u00f3sito y bienestar genuino.<br \/>\n\u00danete a una Master Class <strong>exclusiva con Ricardo Romero<\/strong>, gerente y cofundador de la Cooperativa Las Ca\u00f1adas, un proyecto con 30 a\u00f1os de experiencia y reconocimiento internacional en Agroecolog\u00eda y Permacultura. Un modelo tangible de \u00e9xito en uno de los \u00faltimos manchones de Bosque de Niebla en Veracruz, un laboratorio vivo de regeneraci\u00f3n.<\/p>\n<p>En esta sesi\u00f3n de 2 horas (1:30h de contenido + 30min de preguntas y respuestas en vivo), descubrir\u00e1s:<\/p>\n<p>* <strong>El modelo cooperativo aplicado a la regeneraci\u00f3n<\/strong>: C\u00f3mo organizarse con equidad, diversidad y responsabilidad para lograr objetivos comunes.<br \/>\n* <strong>Alternativas pr\u00e1cticas y viables<\/strong>: Agroecolog\u00eda, bioconstrucci\u00f3n y ecotecnolog\u00edas que puedes escalar seg\u00fan tus posibilidades.<br \/>\n* <strong>La clave de la econom\u00eda social<\/strong>: Generar ingresos a trav\u00e9s de productos y servicios de calidad que cuidan a las personas y el planeta.<br \/>\n* <strong>Estrategias de vinculaci\u00f3n<\/strong>: C\u00f3mo tejer redes de colaboraci\u00f3n con otros actores y asegurar la continuidad involucrando a nuevas generaciones.<\/p>\n<p>Este espacio es perfecto para ti si:<br \/>\n* Buscas alternativas reales e inspiraci\u00f3n concreta para aplicar en tu proyecto actual o en el que deseas iniciar.<br \/>\n* Necesitas herramientas pr\u00e1cticas y un modelo probado para la regeneraci\u00f3n desde la comunidad.<br \/>\n* Eres emprendedor social, activista, permacultor y\/o profesional en busca de un cambio radical o simplemente alguien con ganas de aprender y actuar.<br \/>\n* Quieres conectar con una visi\u00f3n de futuro que integre el bienestar colectivo y el cuidado\u00a0del\u00a0planeta.<\/p>\n","protected":false},"excerpt":{"rendered":"<p>Master Class <strong>EN VIVO<\/strong> exclusiva con Ricardo Romero, gerente y cofundador de la Cooperativa Las Ca\u00f1adas.<\/p>\n<p>Fecha: <strong>viernes 22 de agosto 2025 <\/strong>de<strong> 18:00 a 20:00 hrs<\/strong> (Zona Centro UTC -6)<\/p>\n<p>La Master Class <strong>QUEDO GRABADA<\/strong>, puedes proceder con el pago y te enviaremos el enlace a la clase a tu correo electr\u00f3nico.<\/p>\n","protected":false},"featured_media":10046,"comment_status":"open","ping_status":"closed","template":"","meta":{"inline_featured_image":false,"_monsterinsights_skip_tracking":false,"_monsterinsights_sitenote_active":false,"_monsterinsights_sitenote_note":"","_monsterinsights_sitenote_category":0},"product_brand":[],"product_cat":[63],"product_tag":[],"class_list":{"0":"post-10038","1":"product","2":"type-product","3":"status-publish","4":"has-post-thumbnail","6":"product_cat-sin-categorizar","8":"first","9":"instock","10":"virtual","11":"taxable","12":"purchasable","13":"product-type-simple"},"_links":{"self":[{"href":"https:\/\/qrosoft.mx\/tiendabosquedeniebla\/wp-json\/wp\/v2\/product\/10038","targetHints":{"allow":["GET"]}}],"collection":[{"href":"https:\/\/qrosoft.mx\/tiendabosquedeniebla\/wp-json\/wp\/v2\/product"}],"about":[{"href":"https:\/\/qrosoft.mx\/tiendabosquedeniebla\/wp-json\/wp\/v2\/types\/product"}],"replies":[{"embeddable":true,"href":"https:\/\/qrosoft.mx\/tiendabosquedeniebla\/wp-json\/wp\/v2\/comments?post=10038"}],"wp:featuredmedia":[{"embeddable":true,"href":"https:\/\/qrosoft.mx\/tiendabosquedeniebla\/wp-json\/wp\/v2\/media\/10046"}],"wp:attachment":[{"href":"https:\/\/qrosoft.mx\/tiendabosquedeniebla\/wp-json\/wp\/v2\/media?parent=10038"}],"wp:term":[{"taxonomy":"product_brand","embeddable":true,"href":"https:\/\/qrosoft.mx\/tiendabosquedeniebla\/wp-json\/wp\/v2\/product_brand?post=10038"},{"taxonomy":"product_cat","embeddable":true,"href":"https:\/\/qrosoft.mx\/tiendabosquedeniebla\/wp-json\/wp\/v2\/product_cat?post=10038"},{"taxonomy":"product_tag","embeddable":true,"href":"https:\/\/qrosoft.mx\/tiendabosquedeniebla\/wp-json\/wp\/v2\/product_tag?post=10038"}],"curies":[{"name":"wp","href":"https:\/\/api.w.org\/{rel}","templated":true}]}}