{"id":8846,"date":"2024-11-13T17:20:34","date_gmt":"2024-11-13T23:20:34","guid":{"rendered":"https:\/\/qrosoft.mx\/tiendabosquedeniebla\/?page_id=8846"},"modified":"2024-11-22T19:56:39","modified_gmt":"2024-11-23T01:56:39","slug":"zona-1-tropical-humeda","status":"publish","type":"page","link":"https:\/\/qrosoft.mx\/tiendabosquedeniebla\/zona-1-tropical-humeda\/","title":{"rendered":"ZONA 1 &#8211; Tropical h\u00fameda"},"content":{"rendered":"\n<div class=\"wp-block-uagb-container uag-hide-tab uag-hide-mob uagb-block-8f670313 alignfull uagb-is-root-container\"><div class=\"uagb-container-inner-blocks-wrap\">\n<div class=\"wp-block-uagb-container uagb-block-a8fd3c81\">\n<figure class=\"wp-block-table is-style-stripes\"><table class=\"has-fixed-layout\"><thead><tr><th>Nombre com\u00fan<\/th><th>Nombre cient\u00edfico<\/th><\/tr><\/thead><tbody><tr><td>Acedera hoja ancha<\/td><td><em>Rumex acetosa<\/em><\/td><\/tr><tr><td>Albahaca Dulce<\/td><td><em>Ocimum basilicum<\/em><\/td><\/tr><tr><td>Amaranto verde arelic<\/td><td><em>Amaranthus hypochondriacus<\/em><\/td><\/tr><tr><td>Arroz morado<\/td><td><em>Oryza sativa<\/em><\/td><\/tr><tr><td>Ashwaganda<\/td><td><em>Withania somn\u00edfera<\/em><\/td><\/tr><tr><td>Berenjena belleza negra<\/td><td><em>Solanum melongena<\/em><\/td><\/tr><tr><td>Berenjena Thai verde<\/td><td><em>Solanum melongena<\/em><\/td><\/tr><tr><td>Borraja<\/td><td><em>Borago officinalis\u00a0<\/em><\/td><\/tr><tr><td>Caigua<\/td><td><em>Cyclanthera pedata<\/em><\/td><\/tr><tr><td>Calabaza de gu\u00eda melona<\/td><td><em>Sicana odorifera<\/em><\/td><\/tr><tr><td>Calabaza de gu\u00eda pipiana<\/td><td><em>Cucurbita argyrosperma<\/em><\/td><\/tr><tr><td>Cascalote o tehuixtle<\/td><td><em>Caesalpinia cacalaco<\/em><\/td><\/tr><tr><td>Cempas\u00fachil naranja<\/td><td><em>Tagetes sp.<\/em><\/td><\/tr><tr><td>Cempas\u00fachil ocho p\u00e9talos<\/td><td><em>Tagetes sp.<\/em><\/td><\/tr><tr><td>Chaya<\/td><td><em>Cnidoscolus chayamansa<\/em><\/td><\/tr><tr><td>Chilalaca<\/td><td><em>Canna indica<\/em><\/td><\/tr><tr><td>Chile serrano<\/td><td><em>Capsicum annuum<\/em><\/td><\/tr><tr><td>Chile serrano criollo<\/td><td><em>Capsicum annuum<\/em><\/td><\/tr><tr><td>Citronela<\/td><td><em>Cymbopogon winterianus<\/em><\/td><\/tr><tr><td>Dolichos lab lab<\/td><td><em>Dolichos lab lab<\/em><\/td><\/tr><tr><td>Ejote de gu\u00eda cubano<\/td><td><em>Vigna unguiculata<\/em><\/td><\/tr><tr><td>Ejote de gu\u00eda italiano<\/td><td><em>Vigna sesquipedalis<\/em><\/td><\/tr><tr><td>Ejote de gu\u00eda lab lab<\/td><td><em>Lablab purpureus<\/em><\/td><\/tr><tr><td>Espinaca malabar<\/td><td><em>Basella alba<\/em><\/td><\/tr><tr><td>Espinaca de \u00e1rbol<\/td><td><em>Chenopodium giganteum<\/em><\/td><\/tr><\/tbody><\/table><\/figure>\n<\/div>\n\n\n\n<div class=\"wp-block-uagb-container uagb-block-9a0c6632\">\n<figure class=\"wp-block-table is-style-stripes\"><table class=\"has-fixed-layout\"><thead><tr><th>Nombre com\u00fan<\/th><th>Nombre cient\u00edfico<\/th><\/tr><\/thead><tbody><tr><td>Espinaca Nueva Zelanda<\/td><td><em>Tetragonia tetragonioides<\/em><\/td><\/tr><tr><td>Flemingia<\/td><td><em>Flemingia macrophylla<\/em><\/td><\/tr><tr><td>Flor de ajo<\/td><td><em>Allium sp.<\/em><\/td><\/tr><tr><td>Floripondio amarillo<\/td><td><em>Brugmansia candida<\/em><\/td><\/tr><tr><td>Floripondio blanco<\/td><td><em>Brugmansia candida<\/em><\/td><\/tr><tr><td>Frijol de arbusto gandul blanco<\/td><td><em>Cajanus cajan<\/em><\/td><\/tr><tr><td>Frijol de arbusto gandul lava<\/td><td><em>Cajanus cajan<\/em><\/td><\/tr><tr><td>Frijol de arbusto gandul negro<\/td><td><em>Cajanus cajan<\/em><\/td><\/tr><tr><td>Frijol de gu\u00eda adzuki<\/td><td><em>Vigna angularis<\/em><\/td><\/tr><tr><td>Frijol de gu\u00eda arroz<\/td><td><em>Vigna umbellata<\/em><\/td><\/tr><tr><td>Frijol de gu\u00eda espel\u00f3n negro<\/td><td><em>Vigna unguiculata<\/em><\/td><\/tr><tr><td>Frijol de mata Maxwell<\/td><td><em>Phaseolus vulgaris<\/em><\/td><\/tr><tr><td>Frijol de mata mungo<\/td><td><em>Vigna radiata<\/em><\/td><\/tr><tr><td>Gigant\u00f3n<\/td><td><em>Tithonia diversifolia<\/em><\/td><\/tr><tr><td>Guanacaste o parota<\/td><td><em>Enterolobium cyclocarpum<\/em><\/td><\/tr><tr><td>Jamaica morada<\/td><td><em>Hibiscus sabdariffa<\/em><\/td><\/tr><tr><td>Jamaica roja<\/td><td><em>Hibiscus sabdariffa<\/em><\/td><\/tr><tr><td>Lirio acu\u00e1tico<\/td><td><em>Eichhornia crassipes<\/em><\/td><\/tr><tr><td>Lluvia de oro<\/td><td><em>Cassia fistula<\/em><\/td><\/tr><tr><td>Macal blanco<\/td><td><em>Xanthosoma yucatanensis<\/em><\/td><\/tr><tr><td>Macal jamaiquino<\/td><td><em>Xanthosoma yucatanensis<\/em><\/td><\/tr><tr><td>Macal tallo rojo<\/td><td><em>Xanthosoma sagittifolium<\/em><\/td><\/tr><tr><td>Malanga punto blanco<\/td><td><em>Colocasia esculenta<\/em><\/td><\/tr><tr><td>Malanga tallo rojo<\/td><td><em>Colocasia esculenta<\/em><\/td><\/tr><\/tbody><\/table><\/figure>\n<\/div>\n\n\n\n<div class=\"wp-block-uagb-container uagb-block-717464bf\">\n<figure class=\"wp-block-table is-style-stripes\"><table class=\"has-fixed-layout\"><thead><tr><th>Nombre com\u00fan<\/th><th>Nombre cient\u00edfico<\/th><\/tr><\/thead><tbody><tr><td>Mijo Japon\u00e9s<\/td><td><em>Echinochloa frumentacea<\/em><\/td><\/tr><tr><td>Moringa<\/td><td><em>Moringa ole\u00edfera<\/em><\/td><\/tr><tr><td>M\u00f3vil<\/td><td><em>Justicia spicigera<\/em><\/td><\/tr><tr><td>Mucuna o pica pica suave<\/td><td><em>Mucuna pruriens cv cinza<\/em><\/td><\/tr><tr><td>Nacedero<\/td><td><em>Trichanthera gigantea<\/em><\/td><\/tr><tr><td>\u00d1ame rojo<\/td><td><em>Dioscorea alata<\/em><\/td><\/tr><tr><td>Okra burmese<\/td><td><em>Abelmoschus esculentus<\/em><\/td><\/tr><tr><td>Pasto CT-115<\/td><td><em>Pennisetum purpureum<\/em><\/td><\/tr><tr><td>Pasto king grass<\/td><td><em>Pennisetum purpureum<\/em><\/td><\/tr><tr><td>Pasto ma\u00edz o clon 51<\/td><td><em>Paspalum dilatatum<\/em><\/td><\/tr><tr><td>Pasto mombasa<\/td><td><em>Panicum maximum<\/em><\/td><\/tr><tr><td>Pasto Tanzania<\/td><td><em>Megathyrsus maximus<\/em><\/td><\/tr><tr><td>Pepino africano<\/td><td><em>Cucumis metuliferus<\/em><\/td><\/tr><tr><td>Pepino de las Antillas<\/td><td><em>Cucumis anguria<\/em><\/td><\/tr><tr><td>Ramio<\/td><td><em>Boehmeria nivea\u00a0<\/em><\/td><\/tr><tr><td>S\u00e1bila<\/td><td><em>Aloe vera<\/em><\/td><\/tr><tr><td>S\u00e1bila desamargada<\/td><td><em>Aloe vera<\/em><\/td><\/tr><tr><td>Salvinia gigante<\/td><td><em>Salvinia molesta<\/em><\/td><\/tr><tr><td>Santa Teresita<\/td><td><em>Montanoa hibiscifolia<\/em><\/td><\/tr><tr><td>Soya forrajera<\/td><td><em>Neonotonia wightii<\/em><\/td><\/tr><tr><td>Soya huasteca 200<\/td><td><em>Glycine max<\/em><\/td><\/tr><tr><td>Timbre\u00a0<\/td><td><em>Acacia angustissima<\/em><\/td><\/tr><tr><td>Tulipancillo<\/td><td><em>Malvaviscus arboreus<\/em><\/td><\/tr><tr><td>Zacate lim\u00f3n<\/td><td><em>Cymbopogon citratus<\/em><\/td><\/tr><\/tbody><\/table><\/figure>\n<\/div>\n<\/div><\/div>\n\n\n\n<figure style=\"margin-top:var(--wp--preset--spacing--70);margin-bottom:var(--wp--preset--spacing--70)\" class=\"wp-block-table uag-hide-desktop\"><table class=\"has-fixed-layout\"><thead><tr><th>Nombre com\u00fan<\/th><th>Nombre cient\u00edfico<\/th><\/tr><\/thead><tbody><tr><td>Acedera hoja ancha<\/td><td><em>Rumex acetosa<\/em><\/td><\/tr><tr><td>Albahaca Dulce<\/td><td><em>Ocimum basilicum<\/em><\/td><\/tr><tr><td>Amaranto verde arelic<\/td><td><em>Amaranthus hypochondriacus<\/em><\/td><\/tr><tr><td>Arroz morado<\/td><td><em>Oryza sativa<\/em><\/td><\/tr><tr><td>Ashwaganda<\/td><td><em>Withania somn\u00edfera<\/em><\/td><\/tr><tr><td>Berenjena belleza negra<\/td><td><em>Solanum melongena<\/em><\/td><\/tr><tr><td>Berenjena Thai verde<\/td><td><em>Solanum melongena<\/em><\/td><\/tr><tr><td>Borraja<\/td><td><em>Borago officinalis\u00a0<\/em><\/td><\/tr><tr><td>Caigua<\/td><td><em>Cyclanthera pedata<\/em><\/td><\/tr><tr><td>Calabaza de gu\u00eda melona<\/td><td><em>Sicana odorifera<\/em><\/td><\/tr><tr><td>Calabaza de gu\u00eda pipiana<\/td><td><em>Cucurbita argyrosperma<\/em><\/td><\/tr><tr><td>Cascalote o tehuixtle<\/td><td><em>Caesalpinia cacalaco<\/em><\/td><\/tr><tr><td>Cempas\u00fachil naranja<\/td><td><em>Tagetes sp.<\/em><\/td><\/tr><tr><td>Cempas\u00fachil ocho p\u00e9talos<\/td><td><em>Tagetes sp.<\/em><\/td><\/tr><tr><td>Chaya<\/td><td><em>Cnidoscolus chayamansa<\/em><\/td><\/tr><tr><td>Chilalaca<\/td><td><em>Canna indica<\/em><\/td><\/tr><tr><td>Chile serrano<\/td><td><em>Capsicum annuum<\/em><\/td><\/tr><tr><td>Chile serrano criollo<\/td><td><em>Capsicum annuum<\/em><\/td><\/tr><tr><td>Citronela<\/td><td><em>Cymbopogon winterianus<\/em><\/td><\/tr><tr><td>Dolichos lab lab<\/td><td><em>Dolichos lab lab<\/em><\/td><\/tr><tr><td>Ejote de gu\u00eda cubano<\/td><td><em>Vigna unguiculata<\/em><\/td><\/tr><tr><td>Ejote de gu\u00eda italiano<\/td><td><em>Vigna sesquipedalis<\/em><\/td><\/tr><tr><td>Ejote de gu\u00eda lab lab<\/td><td><em>Lablab purpureus<\/em><\/td><\/tr><tr><td>Espinaca malabar<\/td><td><em>Basella alba<\/em><\/td><\/tr><tr><td>Espinaca de \u00e1rbol<\/td><td><em>Chenopodium giganteum<\/em><\/td><\/tr><tr><td>Espinaca Nueva Zelanda<\/td><td><em>Tetragonia tetragonioides<\/em><\/td><\/tr><tr><td>Flemingia<\/td><td><em>Flemingia macrophylla<\/em><\/td><\/tr><tr><td>Flor de ajo<\/td><td><em>Allium sp.<\/em><\/td><\/tr><tr><td>Floripondio amarillo<\/td><td><em>Brugmansia candida<\/em><\/td><\/tr><tr><td>Floripondio blanco<\/td><td><em>Brugmansia candida<\/em><\/td><\/tr><tr><td>Frijol de arbusto gandul blanco<\/td><td><em>Cajanus cajan<\/em><\/td><\/tr><tr><td>Frijol de arbusto gandul lava<\/td><td><em>Cajanus cajan<\/em><\/td><\/tr><tr><td>Frijol de arbusto gandul negro<\/td><td><em>Cajanus cajan<\/em><\/td><\/tr><tr><td>Frijol de gu\u00eda adzuki<\/td><td><em>Vigna angularis<\/em><\/td><\/tr><tr><td>Frijol de gu\u00eda arroz<\/td><td><em>Vigna umbellata<\/em><\/td><\/tr><tr><td>Frijol de gu\u00eda espel\u00f3n negro<\/td><td><em>Vigna unguiculata<\/em><\/td><\/tr><tr><td>Frijol de mata Maxwell<\/td><td><em>Phaseolus vulgaris<\/em><\/td><\/tr><tr><td>Frijol de mata mungo<\/td><td><em>Vigna radiata<\/em><\/td><\/tr><tr><td>Gigant\u00f3n<\/td><td><em>Tithonia diversifolia<\/em><\/td><\/tr><tr><td>Guanacaste o parota<\/td><td><em>Enterolobium cyclocarpum<\/em><\/td><\/tr><tr><td>Jamaica morada<\/td><td><em>Hibiscus sabdariffa<\/em><\/td><\/tr><tr><td>Jamaica roja<\/td><td><em>Hibiscus sabdariffa<\/em><\/td><\/tr><tr><td>Lirio acu\u00e1tico<\/td><td><em>Eichhornia crassipes<\/em><\/td><\/tr><tr><td>Lluvia de oro<\/td><td><em>Cassia fistula<\/em><\/td><\/tr><tr><td>Macal blanco<\/td><td><em>Xanthosoma yucatanensis<\/em><\/td><\/tr><tr><td>Macal jamaiquino<\/td><td><em>Xanthosoma yucatanensis<\/em><\/td><\/tr><tr><td>Macal tallo rojo<\/td><td><em>Xanthosoma sagittifolium<\/em><\/td><\/tr><tr><td>Malanga punto blanco<\/td><td><em>Colocasia esculenta<\/em><\/td><\/tr><tr><td>Malanga tallo rojo<\/td><td><em>Colocasia esculenta<\/em><\/td><\/tr><tr><td>Mijo Japon\u00e9s<\/td><td><em>Echinochloa frumentacea<\/em><\/td><\/tr><tr><td>Moringa<\/td><td><em>Moringa ole\u00edfera<\/em><\/td><\/tr><tr><td>M\u00f3vil<\/td><td><em>Justicia spicigera<\/em><\/td><\/tr><tr><td>Mucuna o pica pica suave<\/td><td><em>Mucuna pruriens cv cinza<\/em><\/td><\/tr><tr><td>Nacedero<\/td><td><em>Trichanthera gigantea<\/em><\/td><\/tr><tr><td>\u00d1ame rojo<\/td><td><em>Dioscorea alata<\/em><\/td><\/tr><tr><td>Okra burmese<\/td><td><em>Abelmoschus esculentus<\/em><\/td><\/tr><tr><td>Pasto CT-115<\/td><td><em>Pennisetum purpureum<\/em><\/td><\/tr><tr><td>Pasto king grass<\/td><td><em>Pennisetum purpureum<\/em><\/td><\/tr><tr><td>Pasto ma\u00edz o clon 51<\/td><td><em>Paspalum dilatatum<\/em><\/td><\/tr><tr><td>Pasto mombasa<\/td><td><em>Panicum maximum<\/em><\/td><\/tr><tr><td>Pasto Tanzania<\/td><td><em>Megathyrsus maximus<\/em><\/td><\/tr><tr><td>Pepino africano<\/td><td><em>Cucumis metuliferus<\/em><\/td><\/tr><tr><td>Pepino de las Antillas<\/td><td><em>Cucumis anguria<\/em><\/td><\/tr><tr><td>Ramio\u00a0<\/td><td><em>Boehmeria nivea\u00a0<\/em><\/td><\/tr><tr><td>S\u00e1bila<\/td><td><em>Aloe vera<\/em><\/td><\/tr><tr><td>S\u00e1bila desamargada<\/td><td><em>Aloe vera<\/em><\/td><\/tr><tr><td>Salvinia gigante<\/td><td><em>Salvinia molesta<\/em><\/td><\/tr><tr><td>Santa Teresita<\/td><td><em>Montanoa hibiscifolia<\/em><\/td><\/tr><tr><td>Soya forrajera<\/td><td><em>Neonotonia wightii<\/em><\/td><\/tr><tr><td>Soya huasteca 200<\/td><td><em>Glycine max<\/em><\/td><\/tr><tr><td>Timbre<\/td><td><em>Acacia angustissima<\/em><\/td><\/tr><tr><td>Tulipancillo<\/td><td><em>Malvaviscus arboreus<\/em><\/td><\/tr><tr><td>Zacate lim\u00f3n<\/td><td><em>Cymbopogon citratus<\/em><\/td><\/tr><\/tbody><\/table><\/figure>\n","protected":false},"excerpt":{"rendered":"<p>Nombre com\u00fan Nombre cient\u00edfico Acedera hoja ancha Rumex acetosa Albahaca Dulce Ocimum basilicum Amaranto verde arelic Amaranthus hypochondriacus Arroz morado Oryza sativa Ashwaganda Withania somn\u00edfera Berenjena belleza negra Solanum melongena Berenjena Thai verde Solanum melongena Borraja Borago officinalis\u00a0 Caigua Cyclanthera pedata Calabaza de gu\u00eda melona Sicana odorifera Calabaza de gu\u00eda pipiana Cucurbita argyrosperma Cascalote o tehuixtle Caesalpinia cacalaco Cempas\u00fachil naranja Tagetes sp. Cempas\u00fachil ocho p\u00e9talos Tagetes  [&#8230;]<\/p>\n","protected":false},"author":990015,"featured_media":0,"parent":0,"menu_order":0,"comment_status":"closed","ping_status":"closed","template":"","meta":{"inline_featured_image":false,"_monsterinsights_skip_tracking":false,"_monsterinsights_sitenote_active":false,"_monsterinsights_sitenote_note":"","_monsterinsights_sitenote_category":0,"footnotes":""},"class_list":["post-8846","page","type-page","status-publish","hentry"],"_links":{"self":[{"href":"https:\/\/qrosoft.mx\/tiendabosquedeniebla\/wp-json\/wp\/v2\/pages\/8846","targetHints":{"allow":["GET"]}}],"collection":[{"href":"https:\/\/qrosoft.mx\/tiendabosquedeniebla\/wp-json\/wp\/v2\/pages"}],"about":[{"href":"https:\/\/qrosoft.mx\/tiendabosquedeniebla\/wp-json\/wp\/v2\/types\/page"}],"author":[{"embeddable":true,"href":"https:\/\/qrosoft.mx\/tiendabosquedeniebla\/wp-json\/wp\/v2\/users\/990015"}],"replies":[{"embeddable":true,"href":"https:\/\/qrosoft.mx\/tiendabosquedeniebla\/wp-json\/wp\/v2\/comments?post=8846"}],"version-history":[{"count":15,"href":"https:\/\/qrosoft.mx\/tiendabosquedeniebla\/wp-json\/wp\/v2\/pages\/8846\/revisions"}],"predecessor-version":[{"id":8917,"href":"https:\/\/qrosoft.mx\/tiendabosquedeniebla\/wp-json\/wp\/v2\/pages\/8846\/revisions\/8917"}],"wp:attachment":[{"href":"https:\/\/qrosoft.mx\/tiendabosquedeniebla\/wp-json\/wp\/v2\/media?parent=8846"}],"curies":[{"name":"wp","href":"https:\/\/api.w.org\/{rel}","templated":true}]}}